CRAN Package Check Results for Package shinyloadtest

Last updated on 2024-02-25 17:50:32 CET.

Flavor Version Tinstall Tcheck Ttotal Status Flags
r-devel-linux-x86_64-debian-clang 1.1.0 8.62 56.74 65.36 OK
r-devel-linux-x86_64-debian-gcc 1.1.0 7.21 42.75 49.96 OK
r-devel-linux-x86_64-fedora-clang 1.1.0 81.23 NOTE
r-devel-linux-x86_64-fedora-gcc 1.1.0 84.22 NOTE
r-devel-windows-x86_64 1.1.0 9.00 63.00 72.00 OK
r-patched-linux-x86_64 1.1.0 9.85 54.20 64.05 OK
r-release-linux-x86_64 1.1.0 7.41 54.26 61.67 OK
r-release-macos-arm64 1.1.0 27.00 OK
r-release-macos-x86_64 1.1.0 40.00 OK
r-release-windows-x86_64 1.1.0 12.00 68.00 80.00 OK
r-oldrel-macos-arm64 1.1.0 25.00 NOTE
r-oldrel-windows-x86_64 1.1.0 12.00 73.00 85.00 OK

Check Details

Version: 1.1.0
Check: dependencies in R code
Result: NOTE Namespaces in Imports field not imported from: ‘R6’ ‘scales’ ‘websocket’ All declared Imports should be used. Flavors: r-devel-linux-x86_64-fedora-clang, r-devel-linux-x86_64-fedora-gcc, r-oldrel-macos-arm64