CRAN Package Check Results for Package shinymaterial

Last updated on 2022-10-01 11:49:39 CEST.

Flavor Version Tinstall Tcheck Ttotal Status Flags
r-devel-linux-x86_64-debian-clang 1.2.0 2.63 32.80 35.43 NOTE
r-devel-linux-x86_64-debian-gcc 1.2.0 2.73 25.59 28.32 NOTE
r-devel-linux-x86_64-fedora-clang 1.2.0 59.38 NOTE
r-devel-linux-x86_64-fedora-gcc 1.2.0 53.73 NOTE
r-devel-windows-x86_64 1.2.0 239.00 70.00 309.00 NOTE
r-patched-linux-x86_64 1.2.0 3.04 31.13 34.17 NOTE
r-release-linux-x86_64 1.2.0 2.27 31.58 33.85 NOTE
r-release-macos-arm64 1.2.0 19.00 NOTE
r-release-macos-x86_64 1.2.0 27.00 NOTE
r-release-windows-x86_64 1.2.0 146.00 66.00 212.00 NOTE
r-oldrel-macos-arm64 1.2.0 26.00 NOTE
r-oldrel-macos-x86_64 1.2.0 36.00 NOTE
r-oldrel-windows-ix86+x86_64 1.2.0 8.00 57.00 65.00 NOTE

Check Details

Version: 1.2.0
Check: LazyData
Result: NOTE
     'LazyData' is specified without a 'data' directory
Flavors: r-devel-linux-x86_64-debian-clang, r-devel-linux-x86_64-debian-gcc, r-devel-linux-x86_64-fedora-clang, r-devel-linux-x86_64-fedora-gcc, r-devel-windows-x86_64, r-patched-linux-x86_64, r-release-linux-x86_64, r-release-macos-arm64, r-release-macos-x86_64, r-release-windows-x86_64, r-oldrel-macos-arm64, r-oldrel-macos-x86_64, r-oldrel-windows-ix86+x86_64