CRAN Package Check Results for Package shinyobjects

Last updated on 2024-02-28 15:49:36 CET.

Flavor Version Tinstall Tcheck Ttotal Status Flags
r-devel-linux-x86_64-debian-clang 0.2.0 7.84 72.01 79.85 NOTE
r-devel-linux-x86_64-debian-gcc 0.2.0 5.91 55.11 61.02 NOTE
r-devel-linux-x86_64-fedora-clang 0.2.0 100.74 NOTE
r-devel-linux-x86_64-fedora-gcc 0.2.0 116.33 NOTE
r-devel-windows-x86_64 0.2.0 9.00 80.00 89.00 NOTE
r-patched-linux-x86_64 0.2.0 6.68 70.06 76.74 NOTE
r-release-linux-x86_64 0.2.0 4.99 69.82 74.81 NOTE
r-release-macos-arm64 0.2.0 34.00 NOTE
r-release-macos-x86_64 0.2.0 60.00 NOTE
r-release-windows-x86_64 0.2.0 11.00 88.00 99.00 NOTE
r-oldrel-macos-arm64 0.2.0 33.00 NOTE
r-oldrel-windows-x86_64 0.2.0 12.00 96.00 108.00 NOTE

Check Details

Version: 0.2.0
Check: LazyData
Result: NOTE 'LazyData' is specified without a 'data' directory Flavors: r-devel-linux-x86_64-debian-clang, r-devel-linux-x86_64-debian-gcc, r-devel-linux-x86_64-fedora-clang, r-devel-linux-x86_64-fedora-gcc, r-devel-windows-x86_64, r-patched-linux-x86_64, r-release-linux-x86_64, r-release-macos-arm64, r-release-macos-x86_64, r-release-windows-x86_64, r-oldrel-macos-arm64, r-oldrel-windows-x86_64

Version: 0.2.0
Check: dependencies in R code
Result: NOTE Namespace in Imports field not imported from: ‘purrr’ All declared Imports should be used. Flavors: r-devel-linux-x86_64-fedora-clang, r-devel-linux-x86_64-fedora-gcc, r-oldrel-macos-arm64