CRAN Package Check Results for Package shinyrecap

Last updated on 2021-01-25 00:48:10 CET.

Flavor Version Tinstall Tcheck Ttotal Status Flags
r-devel-linux-x86_64-debian-clang 0.1.0 2.28 31.34 33.62 OK
r-devel-linux-x86_64-debian-gcc 0.1.0 1.94 24.02 25.96 OK
r-devel-linux-x86_64-fedora-clang 0.1.0 48.59 NOTE
r-devel-linux-x86_64-fedora-gcc 0.1.0 39.55 NOTE
r-devel-windows-ix86+x86_64 0.1.0 7.00 50.00 57.00 OK
r-patched-linux-x86_64 0.1.0 2.40 29.94 32.34 OK
r-patched-solaris-x86 0.1.0 58.90 NOTE
r-release-linux-x86_64 0.1.0 2.34 30.46 32.80 OK
r-release-macos-x86_64 0.1.0 NOTE
r-release-windows-ix86+x86_64 0.1.0 26.00 48.00 74.00 OK
r-oldrel-macos-x86_64 0.1.0 NOTE
r-oldrel-windows-ix86+x86_64 0.1.0 4.00 47.00 51.00 OK

Check Details

Version: 0.1.0
Check: dependencies in R code
Result: NOTE
    Namespaces in Imports field not imported from:
     ‘CARE1’ ‘LCMCR’ ‘coda’ ‘conting’ ‘dga’ ‘future’ ‘ggplot2’ ‘ipc’
     ‘promises’ ‘reshape’ ‘shinycssloaders’ ‘testthat’
     All declared Imports should be used.
Flavors: r-devel-linux-x86_64-fedora-clang, r-devel-linux-x86_64-fedora-gcc, r-patched-solaris-x86, r-release-macos-x86_64, r-oldrel-macos-x86_64