CRAN Package Check Results for Package shinyservicebot

Last updated on 2021-05-08 04:47:27 CEST.

Flavor Version Tinstall Tcheck Ttotal Status Flags
r-devel-linux-x86_64-debian-clang 0.1.0 1.99 27.34 29.33 NOTE
r-devel-linux-x86_64-debian-gcc 0.1.0 1.77 22.08 23.85 NOTE
r-devel-linux-x86_64-fedora-clang 0.1.0 47.00 NOTE
r-devel-linux-x86_64-fedora-gcc 0.1.0 36.97 NOTE
r-devel-windows-ix86+x86_64 0.1.0 6.00 45.00 51.00 NOTE
r-devel-windows-x86_64-gcc10-UCRT 0.1.0 NOTE
r-patched-linux-x86_64 0.1.0 2.16 26.86 29.02 NOTE
r-patched-solaris-x86 0.1.0 57.30 OK
r-release-linux-x86_64 0.1.0 2.01 26.83 28.84 OK
r-release-macos-x86_64 0.1.0 OK
r-release-windows-ix86+x86_64 0.1.0 5.00 37.00 42.00 OK
r-oldrel-macos-x86_64 0.1.0 OK
r-oldrel-windows-ix86+x86_64 0.1.0 4.00 41.00 45.00 OK

Check Details

Version: 0.1.0
Check: LazyData
Result: NOTE
     'LazyData' is specified without a 'data' directory
Flavors: r-devel-linux-x86_64-debian-clang, r-devel-linux-x86_64-debian-gcc, r-devel-linux-x86_64-fedora-clang, r-devel-linux-x86_64-fedora-gcc, r-devel-windows-ix86+x86_64, r-devel-windows-x86_64-gcc10-UCRT, r-patched-linux-x86_64