CRAN Package Check Results for Package shinytest

Last updated on 2021-05-16 09:48:13 CEST.

Flavor Version Tinstall Tcheck Ttotal Status Flags
r-devel-linux-x86_64-debian-clang 1.5.0 7.04 50.56 57.60 NOTE
r-devel-linux-x86_64-debian-gcc 1.5.0 5.31 39.36 44.67 NOTE
r-devel-linux-x86_64-fedora-clang 1.5.0 82.62 NOTE
r-devel-linux-x86_64-fedora-gcc 1.5.0 69.17 NOTE
r-devel-windows-ix86+x86_64 1.5.0 18.00 54.00 72.00 NOTE
r-devel-windows-x86_64-gcc10-UCRT 1.5.0 NOTE
r-patched-linux-x86_64 1.5.0 8.60 49.44 58.04 NOTE
r-patched-solaris-x86 1.5.0 100.70 NOTE
r-release-linux-x86_64 1.5.0 8.34 48.34 56.68 OK
r-release-macos-x86_64 1.5.0 OK
r-release-windows-ix86+x86_64 1.5.0 15.00 84.00 99.00 OK
r-oldrel-macos-x86_64 1.5.0 OK
r-oldrel-windows-ix86+x86_64 1.5.0 12.00 66.00 78.00 OK

Check Details

Version: 1.5.0
Check: LazyData
Result: NOTE
     'LazyData' is specified without a 'data' directory
Flavors: r-devel-linux-x86_64-debian-clang, r-devel-linux-x86_64-debian-gcc, r-devel-linux-x86_64-fedora-clang, r-devel-linux-x86_64-fedora-gcc, r-devel-windows-ix86+x86_64, r-devel-windows-x86_64-gcc10-UCRT, r-patched-linux-x86_64, r-patched-solaris-x86