CRAN Package Check Results for Package shock

Last updated on 2024-06-13 15:48:39 CEST.

Flavor Version Tinstall Tcheck Ttotal Status Flags
r-devel-linux-x86_64-debian-clang 1.0 3.65 91.39 95.04 OK
r-devel-linux-x86_64-debian-gcc 1.0 0.26 1.67 1.93 ERROR
r-devel-linux-x86_64-fedora-clang 1.0 113.90 OK
r-devel-linux-x86_64-fedora-gcc 1.0 110.01 OK
r-devel-windows-x86_64 1.0 4.00 83.00 87.00 OK
r-patched-linux-x86_64 1.0 4.29 85.79 90.08 OK
r-release-linux-x86_64 1.0 4.06 87.40 91.46 OK
r-release-macos-arm64 1.0 32.00 OK
r-release-macos-x86_64 1.0 59.00 OK
r-release-windows-x86_64 1.0 5.00 84.00 89.00 OK
r-oldrel-macos-arm64 1.0 24.00 OK
r-oldrel-macos-x86_64 1.0 37.00 OK
r-oldrel-windows-x86_64 1.0 5.00 99.00 104.00 OK

Check Details

Version: 1.0
Check: package dependencies
Result: ERROR Package required but not available: ‘igraph’ See section ‘The DESCRIPTION file’ in the ‘Writing R Extensions’ manual. Flavor: r-devel-linux-x86_64-debian-gcc