CRAN Package Check Results for Package shopifyr

Last updated on 2025-01-21 01:50:09 CET.

Flavor Version Tinstall Tcheck Ttotal Status Flags
r-devel-linux-x86_64-debian-clang 1.0.0 6.10 31.75 37.85 NOTE
r-devel-linux-x86_64-debian-gcc 1.0.0 4.32 22.96 27.28 NOTE
r-devel-linux-x86_64-fedora-clang 1.0.0 60.16 OK
r-devel-linux-x86_64-fedora-gcc 1.0.0 57.55 OK
r-devel-windows-x86_64 1.0.0 6.00 65.00 71.00 NOTE
r-patched-linux-x86_64 1.0.0 8.48 30.09 38.57 OK
r-release-linux-x86_64 1.0.0 5.58 30.45 36.03 OK
r-release-macos-arm64 1.0.0 21.00 OK
r-release-macos-x86_64 1.0.0 31.00 OK
r-release-windows-x86_64 1.0.0 6.00 66.00 72.00 OK
r-oldrel-macos-arm64 1.0.0 22.00 OK
r-oldrel-macos-x86_64 1.0.0 31.00 OK
r-oldrel-windows-x86_64 1.0.0 6.00 69.00 75.00 OK

Check Details

Version: 1.0.0
Check: Rd cross-references
Result: NOTE Found the following Rd file(s) with Rd \link{} targets missing package anchors: ShopifyShop.Rd: R6 Please provide package anchors for all Rd \link{} targets not in the package itself and the base packages. Flavors: r-devel-linux-x86_64-debian-clang, r-devel-linux-x86_64-debian-gcc, r-devel-windows-x86_64