CRAN Package Check Results for Package showtext

Last updated on 2022-10-07 16:49:56 CEST.

Flavor Version Tinstall Tcheck Ttotal Status Flags
r-devel-linux-x86_64-debian-clang 0.9-5 6.70 36.46 43.16 OK
r-devel-linux-x86_64-debian-gcc 0.9-5 4.80 27.50 32.30 WARN
r-devel-linux-x86_64-fedora-clang 0.9-5 64.21 WARN
r-devel-linux-x86_64-fedora-gcc 0.9-5 63.32 WARN
r-devel-windows-x86_64 0.9-5 31.00 70.00 101.00 OK
r-patched-linux-x86_64 0.9-5 5.31 34.64 39.95 OK
r-release-linux-x86_64 0.9-5 5.31 33.93 39.24 OK
r-release-macos-arm64 0.9-5 28.00 OK
r-release-macos-x86_64 0.9-5 37.00 OK
r-release-windows-x86_64 0.9-5 26.00 69.00 95.00 OK
r-oldrel-macos-arm64 0.9-5 25.00 OK
r-oldrel-macos-x86_64 0.9-5 34.00 OK
r-oldrel-windows-ix86+x86_64 0.9-5 23.00 69.00 92.00 OK

Check Details

Version: 0.9-5
Check: whether package can be installed
Result: WARN
    Found the following significant warnings:
     cairodev.h:86:1: warning: function declaration isn’t a prototype [-Wstrict-prototypes]
     cairodev.c:11:6: warning: function declaration isn’t a prototype [-Wstrict-prototypes]
     outline.h:64:1: warning: function declaration isn’t a prototype [-Wstrict-prototypes]
     util.h:44:1: warning: function declaration isn’t a prototype [-Wstrict-prototypes]
     util.h:47:1: warning: function declaration isn’t a prototype [-Wstrict-prototypes]
     outline.c:169:6: warning: function declaration isn’t a prototype [-Wstrict-prototypes]
     register_routines.c:8:1: warning: function declaration isn’t a prototype [-Wstrict-prototypes]
     showtext.c:111:6: warning: function declaration isn’t a prototype [-Wstrict-prototypes]
     util.c:43:19: warning: function declaration isn’t a prototype [-Wstrict-prototypes]
     util.c:53:5: warning: function declaration isn’t a prototype [-Wstrict-prototypes]
Flavors: r-devel-linux-x86_64-debian-gcc, r-devel-linux-x86_64-fedora-gcc

Version: 0.9-5
Check: compilation flags used
Result: NOTE
    Compilation used the following non-portable flag(s):
     ‘-Wstrict-prototypes’
Flavor: r-devel-linux-x86_64-debian-gcc

Version: 0.9-5
Check: whether package can be installed
Result: WARN
    Found the following significant warnings:
     ./cairodev.h:86:34: warning: a function declaration without a prototype is deprecated in all versions of C [-Wstrict-prototypes]
     cairodev.c:11:34: warning: a function declaration without a prototype is deprecated in all versions of C [-Wstrict-prototypes]
     ./outline.h:64:31: warning: a function declaration without a prototype is deprecated in all versions of C [-Wstrict-prototypes]
     ./util.h:44:39: warning: a function declaration without a prototype is deprecated in all versions of C [-Wstrict-prototypes]
     ./util.h:47:21: warning: a function declaration without a prototype is deprecated in all versions of C [-Wstrict-prototypes]
     outline.c:169:31: warning: a function declaration without a prototype is deprecated in all versions of C [-Wstrict-prototypes]
     register_routines.c:8:18: warning: a function declaration without a prototype is deprecated in all versions of C [-Wstrict-prototypes]
     showtext.c:111:18: warning: a function declaration without a prototype is deprecated in all versions of C [-Wstrict-prototypes]
     util.c:43:39: warning: a function declaration without a prototype is deprecated in all versions of C [-Wstrict-prototypes]
     util.c:53:21: warning: a function declaration without a prototype is deprecated in all versions of C [-Wstrict-prototypes]
Flavor: r-devel-linux-x86_64-fedora-clang