CRAN Package Check Results for Package shp2graph

Last updated on 2018-02-21 12:48:01 CET.

Flavor Version Tinstall Tcheck Ttotal Status Flags
r-devel-linux-x86_64-debian-clang 0-3 4.33 36.82 41.15 OK
r-devel-linux-x86_64-debian-gcc 0-3 2.61 28.97 31.58 OK
r-devel-linux-x86_64-fedora-clang 0-3 49.95 WARN
r-devel-linux-x86_64-fedora-gcc 0-3 47.20 WARN
r-devel-windows-ix86+x86_64 0-3 12.00 81.00 93.00 OK
r-patched-linux-x86_64 0-3 2.47 37.99 40.46 OK
r-patched-solaris-x86 0-3 74.80 OK
r-release-linux-x86_64 0-3 2.75 38.26 41.01 OK
r-release-windows-ix86+x86_64 0-3 14.00 96.00 110.00 OK
r-release-osx-x86_64 0-3 OK
r-oldrel-windows-ix86+x86_64 0-3 10.00 110.00 120.00 OK
r-oldrel-osx-x86_64 0-3 OK

Check Details

Version: 0-3
Check: whether package can be installed
Result: WARN
    Found the following significant warnings:
     Note: break may be used in wrong context: no loop is visible
Flavors: r-devel-linux-x86_64-fedora-clang, r-devel-linux-x86_64-fedora-gcc