CRAN Package Check Results for Package shrinkTVP

Last updated on 2019-12-07 09:49:03 CET.

Flavor Version Tinstall Tcheck Ttotal Status Flags
r-devel-linux-x86_64-debian-clang 1.1.1 115.33 52.49 167.82 OK
r-devel-linux-x86_64-debian-gcc 1.1.1 79.82 40.99 120.81 OK
r-devel-linux-x86_64-fedora-clang 1.1.1 234.00 NOTE
r-devel-linux-x86_64-fedora-gcc 1.1.1 228.91 OK
r-devel-windows-ix86+x86_64 1.1.1 214.00 130.00 344.00 OK
r-devel-windows-ix86+x86_64-gcc8 1.1.1 231.00 147.00 378.00 OK
r-patched-linux-x86_64 1.1.1 93.30 49.64 142.94 OK
r-patched-solaris-x86 1.1.1 229.70 OK
r-release-linux-x86_64 1.1.1 90.91 49.65 140.56 OK
r-release-windows-ix86+x86_64 1.1.1 266.00 89.00 355.00 OK
r-release-osx-x86_64 1.1.1 NOTE
r-oldrel-windows-ix86+x86_64 1.1.1 193.00 145.00 338.00 OK
r-oldrel-osx-x86_64 1.1.1 OK

Check Details

Version: 1.1.1
Check: installed package size
Result: NOTE
     installed size is 5.6Mb
     sub-directories of 1Mb or more:
     libs 4.8Mb
Flavors: r-devel-linux-x86_64-fedora-clang, r-release-osx-x86_64