CRAN Package Check Results for Package shrinkTVP

Last updated on 2020-07-07 07:48:15 CEST.

Flavor Version Tinstall Tcheck Ttotal Status Flags
r-devel-linux-x86_64-debian-clang 1.1.1 123.26 54.14 177.40 OK
r-devel-linux-x86_64-debian-gcc 1.1.1 95.33 41.98 137.31 OK
r-devel-linux-x86_64-fedora-clang 1.1.1 256.32 NOTE
r-devel-linux-x86_64-fedora-gcc 1.1.1 228.18 OK
r-devel-windows-ix86+x86_64 1.1.1 219.00 99.00 318.00 OK
r-patched-linux-x86_64 1.1.1 99.11 53.71 152.82 OK
r-patched-solaris-x86 1.1.1 228.80 OK
r-release-linux-x86_64 1.1.1 97.34 53.94 151.28 OK
r-release-osx-x86_64 1.1.1 NOTE
r-release-windows-ix86+x86_64 1.1.1 221.00 101.00 322.00 OK
r-oldrel-osx-x86_64 1.1.1 NOTE
r-oldrel-windows-ix86+x86_64 1.1.1 224.00 124.00 348.00 OK

Check Details

Version: 1.1.1
Check: installed package size
Result: NOTE
     installed size is 6.3Mb
     sub-directories of 1Mb or more:
     libs 5.5Mb
Flavors: r-devel-linux-x86_64-fedora-clang, r-release-osx-x86_64, r-oldrel-osx-x86_64