CRAN Package Check Results for Package sicegar

Last updated on 2024-02-25 01:49:12 CET.

Flavor Version Tinstall Tcheck Ttotal Status Flags
r-devel-linux-x86_64-debian-clang 0.2.4 2.53 109.00 111.53 OK
r-devel-linux-x86_64-debian-gcc 0.2.4 3.03 79.08 82.11 OK
r-devel-linux-x86_64-fedora-clang 0.2.4 134.13 NOTE
r-devel-linux-x86_64-fedora-gcc 0.2.4 149.14 NOTE
r-devel-windows-x86_64 0.2.4 5.00 98.00 103.00 OK
r-patched-linux-x86_64 0.2.4 3.23 103.15 106.38 OK
r-release-linux-x86_64 0.2.4 3.50 103.42 106.92 OK
r-release-macos-arm64 0.2.4 51.00 OK
r-release-macos-x86_64 0.2.4 77.00 OK
r-release-windows-x86_64 0.2.4 6.00 115.00 121.00 OK
r-oldrel-macos-arm64 0.2.4 35.00 NOTE
r-oldrel-windows-x86_64 0.2.4 5.00 118.00 123.00 OK

Check Details

Version: 0.2.4
Check: dependencies in R code
Result: NOTE Namespace in Imports field not imported from: ‘dplyr’ All declared Imports should be used. Flavors: r-devel-linux-x86_64-fedora-clang, r-devel-linux-x86_64-fedora-gcc, r-oldrel-macos-arm64