CRAN Package Check Results for Package sidier

Last updated on 2018-05-23 18:53:00 CEST.

Flavor Version Tinstall Tcheck Ttotal Status Flags
r-devel-linux-x86_64-debian-clang 4.0.2 7.91 77.73 85.64 OK
r-devel-linux-x86_64-debian-gcc 4.0.2 0.36 1.35 1.71 ERROR
r-devel-linux-x86_64-fedora-clang 4.0.2 103.39 OK
r-devel-linux-x86_64-fedora-gcc 4.0.2 98.22 OK
r-devel-windows-ix86+x86_64 4.0.2 13.00 117.00 130.00 OK
r-patched-linux-x86_64 4.0.2 8.53 74.23 82.76 OK
r-patched-solaris-x86 4.0.2 142.20 OK
r-release-linux-x86_64 4.0.2 7.83 72.99 80.82 OK
r-release-windows-ix86+x86_64 4.0.2 21.00 124.00 145.00 OK
r-release-osx-x86_64 4.0.2 OK
r-oldrel-windows-ix86+x86_64 4.0.2 19.00 95.00 114.00 OK
r-oldrel-osx-x86_64 4.0.2 OK

Check Details

Version: 4.0.2
Check: package dependencies
Result: ERROR
    Packages required but not available: ‘ggmap’ ‘ggplot2’
    
    See section ‘The DESCRIPTION file’ in the ‘Writing R Extensions’
    manual.
Flavor: r-devel-linux-x86_64-debian-gcc