CRAN Package Check Results for Package sidier

Last updated on 2018-11-17 10:51:24 CET.

Flavor Version Tinstall Tcheck Ttotal Status Flags
r-devel-linux-x86_64-debian-clang 4.0.3 6.97 82.83 89.80 OK
r-devel-linux-x86_64-debian-gcc 4.0.3 6.57 61.74 68.31 OK
r-devel-linux-x86_64-fedora-clang 4.0.3 110.98 OK
r-devel-linux-x86_64-fedora-gcc 4.0.3 102.73 OK
r-devel-windows-ix86+x86_64 4.0.3 21.00 96.00 117.00 OK
r-patched-linux-x86_64 4.0.3 8.91 77.96 86.87 OK
r-patched-solaris-x86 4.0.3 151.20 OK
r-release-linux-x86_64 4.0.3 7.98 77.78 85.76 OK
r-release-windows-ix86+x86_64 4.0.3 25.00 146.00 171.00 OK
r-release-osx-x86_64 4.0.3 OK
r-oldrel-windows-ix86+x86_64 4.0.2 9.00 115.00 124.00 OK
r-oldrel-osx-x86_64 4.0.3 ERROR

Check Details

Version: 4.0.3
Check: whether package can be installed
Result: ERROR
    Installation failed.
Flavor: r-oldrel-osx-x86_64