CRAN Package Check Results for Package sidrar

Last updated on 2019-02-19 21:49:39 CET.

Flavor Version Tinstall Tcheck Ttotal Status Flags
r-devel-linux-x86_64-debian-clang 0.2.4 1.71 33.68 35.39 OK
r-devel-linux-x86_64-debian-gcc 0.2.4 1.38 27.42 28.80 OK
r-devel-linux-x86_64-fedora-clang 0.2.4 42.58 NOTE
r-devel-linux-x86_64-fedora-gcc 0.2.4 41.40 NOTE
r-devel-windows-ix86+x86_64 0.2.4 5.00 61.00 66.00 OK
r-patched-linux-x86_64 0.2.4 1.33 32.40 33.73 OK
r-patched-solaris-x86 0.2.4 68.20 NOTE
r-release-linux-x86_64 0.2.4 1.23 31.70 32.93 OK
r-release-windows-ix86+x86_64 0.2.4 3.00 56.00 59.00 OK
r-release-osx-x86_64 0.2.4 NOTE
r-oldrel-windows-ix86+x86_64 0.2.4 3.00 58.00 61.00 OK
r-oldrel-osx-x86_64 0.2.4 NOTE

Check Details

Version: 0.2.4
Check: dependencies in R code
Result: NOTE
    Namespace in Imports field not imported from: ‘dplyr’
     All declared Imports should be used.
Flavors: r-devel-linux-x86_64-fedora-clang, r-devel-linux-x86_64-fedora-gcc, r-patched-solaris-x86, r-release-osx-x86_64, r-oldrel-osx-x86_64