CRAN Package Check Results for Package sidrar

Last updated on 2018-05-24 06:47:12 CEST.

Flavor Version Tinstall Tcheck Ttotal Status Flags
r-devel-linux-x86_64-debian-clang 0.2.4 1.44 29.73 31.17 OK
r-devel-linux-x86_64-debian-gcc 0.2.4 1.10 26.18 27.28 OK
r-devel-linux-x86_64-fedora-clang 0.2.4 42.02 NOTE
r-devel-linux-x86_64-fedora-gcc 0.2.4 39.01 NOTE
r-devel-windows-ix86+x86_64 0.2.4 4.00 61.00 65.00 OK
r-patched-linux-x86_64 0.2.4 1.51 31.18 32.69 OK
r-patched-solaris-x86 0.2.4 68.10 NOTE
r-release-linux-x86_64 0.2.4 1.36 31.40 32.76 OK
r-release-windows-ix86+x86_64 0.2.4 5.00 59.00 64.00 OK
r-release-osx-x86_64 0.2.4 NOTE
r-oldrel-windows-ix86+x86_64 0.2.4 3.00 67.00 70.00 OK
r-oldrel-osx-x86_64 0.2.4 NOTE

Check Details

Version: 0.2.4
Check: dependencies in R code
Result: NOTE
    Namespace in Imports field not imported from: ‘dplyr’
     All declared Imports should be used.
Flavors: r-devel-linux-x86_64-fedora-clang, r-devel-linux-x86_64-fedora-gcc, r-patched-solaris-x86, r-release-osx-x86_64, r-oldrel-osx-x86_64