CRAN Package Check Results for Package sidrar

Last updated on 2018-02-23 08:49:03 CET.

Flavor Version Tinstall Tcheck Ttotal Status Flags
r-devel-linux-x86_64-debian-clang 0.2.4 0.88 30.14 31.02 OK
r-devel-linux-x86_64-debian-gcc 0.2.4 0.92 24.93 25.85 OK
r-devel-linux-x86_64-fedora-clang 0.2.4 42.98 NOTE
r-devel-linux-x86_64-fedora-gcc 0.2.4 38.14 NOTE
r-devel-windows-ix86+x86_64 0.2.4 4.00 67.00 71.00 OK
r-patched-linux-x86_64 0.2.4 0.73 34.86 35.59 OK
r-patched-solaris-x86 0.2.4 67.50 NOTE
r-release-linux-x86_64 0.2.4 0.89 35.29 36.18 OK
r-release-windows-ix86+x86_64 0.2.4 5.00 66.00 71.00 OK
r-release-osx-x86_64 0.2.4 NOTE
r-oldrel-windows-ix86+x86_64 0.2.4 3.00 50.00 53.00 OK
r-oldrel-osx-x86_64 0.2.4 NOTE

Check Details

Version: 0.2.4
Check: dependencies in R code
Result: NOTE
    Namespace in Imports field not imported from: ‘dplyr’
     All declared Imports should be used.
Flavors: r-devel-linux-x86_64-fedora-clang, r-devel-linux-x86_64-fedora-gcc, r-patched-solaris-x86, r-release-osx-x86_64, r-oldrel-osx-x86_64