CRAN Package Check Results for Package sidrar

Last updated on 2018-08-20 07:47:58 CEST.

Flavor Version Tinstall Tcheck Ttotal Status Flags
r-devel-linux-x86_64-debian-clang 0.2.4 1.45 34.91 36.36 OK
r-devel-linux-x86_64-debian-gcc 0.2.4 1.21 27.77 28.98 OK
r-devel-linux-x86_64-fedora-clang 0.2.4 42.27 NOTE
r-devel-linux-x86_64-fedora-gcc 0.2.4 41.09 NOTE
r-devel-windows-ix86+x86_64 0.2.4 4.00 75.00 79.00 OK
r-patched-linux-x86_64 0.2.4 1.48 32.38 33.86 OK
r-patched-solaris-x86 0.2.4 69.30 WARN
r-release-linux-x86_64 0.2.4 1.42 32.57 33.99 OK
r-release-windows-ix86+x86_64 0.2.4 5.00 56.00 61.00 OK
r-release-osx-x86_64 0.2.4 NOTE
r-oldrel-windows-ix86+x86_64 0.2.4 3.00 80.00 83.00 OK
r-oldrel-osx-x86_64 0.2.4 NOTE

Check Details

Version: 0.2.4
Check: dependencies in R code
Result: NOTE
    Namespace in Imports field not imported from: ‘dplyr’
     All declared Imports should be used.
Flavors: r-devel-linux-x86_64-fedora-clang, r-devel-linux-x86_64-fedora-gcc, r-patched-solaris-x86, r-release-osx-x86_64, r-oldrel-osx-x86_64

Version: 0.2.4
Check: re-building of vignette outputs
Result: WARN
    Error in re-building vignettes:
     ...
    Warning in engine$weave(file, quiet = quiet, encoding = enc) :
     The vignette engine knitr::rmarkdown is not available, because the rmarkdown package is not installed. Please install it.
    
    Attaching package: 'dplyr'
    
    The following objects are masked from 'package:stats':
    
     filter, lag
    
    The following objects are masked from 'package:base':
    
     intersect, setdiff, setequal, union
    
    Quitting from lines 169-170 (Introduction_to_sidrar.Rmd)
    Error: processing vignette 'Introduction_to_sidrar.Rmd' failed with diagnostics:
    Timeout was reached: Connection timed out after 10000 milliseconds
    Execution halted
Flavor: r-patched-solaris-x86