CRAN Package Check Results for Package sidrar

Last updated on 2018-11-15 14:47:30 CET.

Flavor Version Tinstall Tcheck Ttotal Status Flags
r-devel-linux-x86_64-debian-clang 0.2.4 1.27 34.82 36.09 OK
r-devel-linux-x86_64-debian-gcc 0.2.4 1.11 27.75 28.86 OK
r-devel-linux-x86_64-fedora-clang 0.2.4 41.19 NOTE
r-devel-linux-x86_64-fedora-gcc 0.2.4 40.31 NOTE
r-devel-windows-ix86+x86_64 0.2.4 2.00 47.00 49.00 OK
r-patched-linux-x86_64 0.2.4 0.98 31.56 32.54 OK
r-patched-solaris-x86 0.2.4 69.70 NOTE
r-release-linux-x86_64 0.2.4 1.32 32.47 33.79 OK
r-release-windows-ix86+x86_64 0.2.4 5.00 47.00 52.00 OK
r-release-osx-x86_64 0.2.4 NOTE
r-oldrel-windows-ix86+x86_64 0.2.4 3.00 56.00 59.00 OK
r-oldrel-osx-x86_64 0.2.4 NOTE

Check Details

Version: 0.2.4
Check: dependencies in R code
Result: NOTE
    Namespace in Imports field not imported from: ‘dplyr’
     All declared Imports should be used.
Flavors: r-devel-linux-x86_64-fedora-clang, r-devel-linux-x86_64-fedora-gcc, r-patched-solaris-x86, r-release-osx-x86_64, r-oldrel-osx-x86_64