CRAN Package Check Results for Package siebanxicor

Last updated on 2023-12-09 21:54:31 CET.

Flavor Version Tinstall Tcheck Ttotal Status Flags
r-devel-linux-x86_64-debian-clang 1.0.0 2.08 22.25 24.33 NOTE
r-devel-linux-x86_64-debian-gcc 1.0.0 1.62 17.70 19.32 NOTE
r-devel-linux-x86_64-fedora-clang 1.0.0 31.97 NOTE
r-devel-linux-x86_64-fedora-gcc 1.0.0 30.00 NOTE
r-devel-windows-x86_64 1.0.0 4.00 46.00 50.00 NOTE
r-patched-linux-x86_64 1.0.0 2.53 22.36 24.89 NOTE
r-release-linux-x86_64 1.0.0 2.12 22.26 24.38 NOTE
r-release-macos-arm64 1.0.0 17.00 NOTE
r-release-macos-x86_64 1.0.0 20.00 NOTE
r-release-windows-x86_64 1.0.0 4.00 44.00 48.00 NOTE
r-oldrel-macos-arm64 1.0.0 15.00 NOTE
r-oldrel-macos-x86_64 1.0.0 21.00 NOTE
r-oldrel-windows-x86_64 1.0.0 4.00 46.00 50.00 NOTE

Check Details

Version: 1.0.0
Check: LazyData
Result: NOTE 'LazyData' is specified without a 'data' directory Flavors: r-devel-linux-x86_64-debian-clang, r-devel-linux-x86_64-debian-gcc, r-devel-linux-x86_64-fedora-clang, r-devel-linux-x86_64-fedora-gcc, r-devel-windows-x86_64, r-patched-linux-x86_64, r-release-linux-x86_64, r-release-macos-arm64, r-release-macos-x86_64, r-release-windows-x86_64, r-oldrel-macos-arm64, r-oldrel-macos-x86_64, r-oldrel-windows-x86_64