CRAN Package Check Results for Package siebanxicor

Last updated on 2022-12-10 08:53:44 CET.

Flavor Version Tinstall Tcheck Ttotal Status Flags
r-devel-linux-x86_64-debian-clang 1.0.0 2.18 24.00 26.18 NOTE
r-devel-linux-x86_64-debian-gcc 1.0.0 1.88 19.41 21.29 NOTE
r-devel-linux-x86_64-fedora-clang 1.0.0 43.10 NOTE
r-devel-linux-x86_64-fedora-gcc 1.0.0 41.85 NOTE
r-devel-windows-x86_64 1.0.0 5.00 59.00 64.00 NOTE
r-patched-linux-x86_64 1.0.0 2.29 22.49 24.78 NOTE
r-release-linux-x86_64 1.0.0 2.17 22.52 24.69 NOTE
r-release-macos-arm64 1.0.0 15.00 NOTE
r-release-macos-x86_64 1.0.0 21.00 NOTE
r-release-windows-x86_64 1.0.0 15.00 54.00 69.00 NOTE
r-oldrel-macos-arm64 1.0.0 18.00 NOTE
r-oldrel-macos-x86_64 1.0.0 28.00 NOTE
r-oldrel-windows-ix86+x86_64 1.0.0 7.00 46.00 53.00 NOTE

Check Details

Version: 1.0.0
Check: LazyData
Result: NOTE
     'LazyData' is specified without a 'data' directory
Flavors: r-devel-linux-x86_64-debian-clang, r-devel-linux-x86_64-debian-gcc, r-devel-linux-x86_64-fedora-clang, r-devel-linux-x86_64-fedora-gcc, r-devel-windows-x86_64, r-patched-linux-x86_64, r-release-linux-x86_64, r-release-macos-arm64, r-release-macos-x86_64, r-release-windows-x86_64, r-oldrel-macos-arm64, r-oldrel-macos-x86_64, r-oldrel-windows-ix86+x86_64