CRAN Package Check Results for Package sievePH

Last updated on 2022-08-10 05:55:01 CEST.

Flavor Version Tinstall Tcheck Ttotal Status Flags
r-devel-linux-x86_64-debian-clang 1.0.1 10.06 87.34 97.40 NOTE
r-devel-linux-x86_64-debian-gcc 1.0.1 9.20 65.71 74.91 NOTE
r-devel-linux-x86_64-fedora-clang 1.0.1 124.78 NOTE
r-devel-linux-x86_64-fedora-gcc 1.0.1 131.54 NOTE
r-devel-windows-x86_64 1.0.1 15.00 109.00 124.00 NOTE
r-patched-linux-x86_64 1.0.1 10.63 83.94 94.57 NOTE
r-release-linux-x86_64 1.0.1 NOTE
r-release-macos-arm64 1.0.1 35.00 NOTE
r-release-macos-x86_64 1.0.1 48.00 NOTE
r-release-windows-x86_64 1.0.1 23.00 109.00 132.00 NOTE
r-oldrel-macos-arm64 1.0.1 38.00 NOTE
r-oldrel-macos-x86_64 1.0.1 69.00 NOTE
r-oldrel-windows-ix86+x86_64 1.0.1 20.00 106.00 126.00 NOTE

Check Details

Version: 1.0.1
Check: LazyData
Result: NOTE
     'LazyData' is specified without a 'data' directory
Flavors: r-devel-linux-x86_64-debian-clang, r-devel-linux-x86_64-debian-gcc, r-devel-linux-x86_64-fedora-clang, r-devel-linux-x86_64-fedora-gcc, r-devel-windows-x86_64, r-patched-linux-x86_64, r-release-linux-x86_64, r-release-macos-arm64, r-release-macos-x86_64, r-release-windows-x86_64, r-oldrel-macos-arm64, r-oldrel-macos-x86_64, r-oldrel-windows-ix86+x86_64