Last updated on 2023-12-05 11:52:54 CET.
Flavor | Version | Tinstall | Tcheck | Ttotal | Status | Flags |
---|---|---|---|---|---|---|
r-devel-linux-x86_64-debian-clang | 0.1.23 | 7.57 | 61.55 | 69.12 | OK | |
r-devel-linux-x86_64-debian-gcc | 0.1.23 | 5.28 | 46.80 | 52.08 | OK | |
r-devel-linux-x86_64-fedora-clang | 0.1.23 | 84.40 | NOTE | |||
r-devel-linux-x86_64-fedora-gcc | 0.1.23 | 93.76 | NOTE | |||
r-devel-windows-x86_64 | 0.1.23 | 7.00 | 65.00 | 72.00 | OK | |
r-patched-linux-x86_64 | 0.1.23 | 5.45 | 61.31 | 66.76 | OK | |
r-release-linux-x86_64 | 0.1.23 | 5.45 | 60.28 | 65.73 | OK | |
r-release-macos-arm64 | 0.1.23 | 9.00 | ERROR | |||
r-release-macos-x86_64 | 0.1.23 | 10.00 | ERROR | |||
r-release-windows-x86_64 | 0.1.23 | 9.00 | 72.00 | 81.00 | OK | |
r-oldrel-macos-arm64 | 0.1.23 | 31.00 | OK | |||
r-oldrel-macos-x86_64 | 0.1.23 | 38.00 | NOTE | |||
r-oldrel-windows-x86_64 | 0.1.23 | 9.00 | 76.00 | 85.00 | OK |
Version: 0.1.23
Check: dependencies in R code
Result: NOTE
Namespaces in Imports field not imported from:
‘KernSmooth’ ‘MASS’ ‘class’ ‘cluster’ ‘lattice’ ‘nnet’
All declared Imports should be used.
Flavors: r-devel-linux-x86_64-fedora-clang, r-devel-linux-x86_64-fedora-gcc
Version: 0.1.23
Check: package dependencies
Result: ERROR
Package required but not available: ‘GSVA’
See section ‘The DESCRIPTION file’ in the ‘Writing R Extensions’
manual.
Flavors: r-release-macos-arm64, r-release-macos-x86_64
Version: 0.1.23
Check: package dependencies
Result: NOTE
Package suggested but not available for checking: ‘RankProd’
Flavor: r-oldrel-macos-x86_64