CRAN Package Check Results for Package sigmaNet

Last updated on 2018-08-19 04:47:10 CEST.

Flavor Version Tinstall Tcheck Ttotal Status Flags
r-devel-linux-x86_64-debian-clang 1.1.0 1.94 30.47 32.41 OK
r-devel-linux-x86_64-debian-gcc 1.1.0 1.25 24.44 25.69 OK
r-devel-linux-x86_64-fedora-clang 1.1.0 38.13 OK
r-devel-linux-x86_64-fedora-gcc 1.1.0 37.63 OK
r-devel-windows-ix86+x86_64 1.1.0 6.00 67.00 73.00 OK
r-patched-linux-x86_64 1.1.0 1.67 27.32 28.99 OK
r-patched-solaris-x86 1.1.0 57.00 WARN
r-release-linux-x86_64 1.1.0 1.61 27.07 28.68 OK
r-release-windows-ix86+x86_64 1.1.0 5.00 44.00 49.00 OK
r-release-osx-x86_64 1.1.0 WARN
r-oldrel-windows-ix86+x86_64 1.1.0 4.00 40.00 44.00 OK
r-oldrel-osx-x86_64 1.1.0 WARN

Check Details

Version: 1.1.0
Check: re-building of vignette outputs
Result: WARN
    Error in re-building vignettes:
     ...
    Warning in engine$weave(file, quiet = quiet, encoding = enc) :
     Pandoc (>= 1.12.3) and/or pandoc-citeproc not available. Falling back to R Markdown v1.
    Quitting from lines 89-90 (getting-started.Rmd)
    Error: processing vignette 'getting-started.Rmd' failed with diagnostics:
    there is no package called 'webshot'
    Execution halted
Flavor: r-patched-solaris-x86

Version: 1.1.0
Check: re-building of vignette outputs
Result: WARN
    Error in re-building vignettes:
     ...
    Warning in engine$weave(file, quiet = quiet, encoding = enc) :
     Pandoc (>= 1.12.3) and/or pandoc-citeproc not available. Falling back to R Markdown v1.
    Quitting from lines 89-90 (getting-started.Rmd)
    Error: processing vignette 'getting-started.Rmd' failed with diagnostics:
    cannot open the connection
    Execution halted
Flavors: r-release-osx-x86_64, r-oldrel-osx-x86_64