CRAN Package Check Results for Package sigmaNet

Last updated on 2018-05-23 07:50:29 CEST.

Flavor Version Tinstall Tcheck Ttotal Status Flags
r-devel-linux-x86_64-debian-clang 1.1.0 1.71 29.22 30.93 OK
r-devel-linux-x86_64-debian-gcc 1.1.0 1.40 23.01 24.41 OK
r-devel-linux-x86_64-fedora-clang 1.1.0 37.43 OK
r-devel-linux-x86_64-fedora-gcc 1.1.0 35.39 OK
r-devel-windows-ix86+x86_64 1.1.0 4.00 67.00 71.00 OK
r-patched-linux-x86_64 1.1.0 1.70 27.25 28.95 OK
r-patched-solaris-x86 1.1.0 55.90 WARN
r-release-linux-x86_64 1.1.0 1.64 26.88 28.52 OK
r-release-windows-ix86+x86_64 1.1.0 6.00 67.00 73.00 OK
r-release-osx-x86_64 1.1.0 WARN
r-oldrel-windows-ix86+x86_64 1.1.0 7.00 47.00 54.00 OK
r-oldrel-osx-x86_64 1.0.3 WARN

Check Details

Version: 1.1.0
Check: re-building of vignette outputs
Result: WARN
    Error in re-building vignettes:
     ...
    Warning in engine$weave(file, quiet = quiet, encoding = enc) :
     Pandoc (>= 1.12.3) and/or pandoc-citeproc not available. Falling back to R Markdown v1.
    Quitting from lines 89-90 (getting-started.Rmd)
    Error: processing vignette 'getting-started.Rmd' failed with diagnostics:
    there is no package called 'webshot'
    Execution halted
Flavor: r-patched-solaris-x86

Version: 1.1.0
Check: re-building of vignette outputs
Result: WARN
    Error in re-building vignettes:
     ...
    Warning in engine$weave(file, quiet = quiet, encoding = enc) :
     Pandoc (>= 1.12.3) and/or pandoc-citeproc not available. Falling back to R Markdown v1.
    Quitting from lines 89-90 (getting-started.Rmd)
    Error: processing vignette 'getting-started.Rmd' failed with diagnostics:
    cannot open the connection
    Execution halted
Flavor: r-release-osx-x86_64

Version: 1.0.3
Check: re-building of vignette outputs
Result: WARN
    Error in re-building vignettes:
     ...
    Warning in engine$weave(file, quiet = quiet, encoding = enc) :
     Pandoc (>= 1.12.3) and/or pandoc-citeproc not available. Falling back to R Markdown v1.
    Quitting from lines 89-90 (getting-started.Rmd)
    Error: processing vignette 'getting-started.Rmd' failed with diagnostics:
    cannot open the connection
    Execution halted
Flavor: r-oldrel-osx-x86_64