CRAN Package Check Results for Package sigmaNet

Last updated on 2018-02-17 23:48:05 CET.

Flavor Version Tinstall Tcheck Ttotal Status Flags
r-devel-linux-x86_64-debian-clang 1.0.3 1.22 27.59 28.81 OK
r-devel-linux-x86_64-debian-gcc 1.0.3 1.14 22.34 23.48 OK
r-devel-linux-x86_64-fedora-clang 1.0.3 36.51 OK
r-devel-linux-x86_64-fedora-gcc 1.0.3 33.75 OK
r-devel-windows-ix86+x86_64 1.0.3 3.00 41.00 44.00 OK
r-patched-linux-x86_64 1.0.3 1.49 32.73 34.22 OK
r-patched-solaris-x86 1.0.3 55.00 WARN
r-release-linux-x86_64 1.0.3 1.05 32.38 33.43 OK
r-release-windows-ix86+x86_64 1.0.3 6.00 45.00 51.00 OK
r-release-osx-x86_64 1.0.3 WARN
r-oldrel-windows-ix86+x86_64 1.0.3 4.00 54.00 58.00 OK

Check Details

Version: 1.0.3
Check: re-building of vignette outputs
Result: WARN
    Error in re-building vignettes:
     ...
    Warning in engine$weave(file, quiet = quiet, encoding = enc) :
     Pandoc (>= 1.12.3) and/or pandoc-citeproc not available. Falling back to R Markdown v1.
    Quitting from lines 89-90 (getting-started.Rmd)
    Error: processing vignette 'getting-started.Rmd' failed with diagnostics:
    cannot open the connection
    Execution halted
Flavors: r-patched-solaris-x86, r-release-osx-x86_64