CRAN Package Check Results for Package sigmaNet

Last updated on 2019-02-17 22:46:48 CET.

Flavor Version Tinstall Tcheck Ttotal Status Flags
r-devel-linux-x86_64-debian-clang 1.1.0 2.00 29.34 31.34 OK
r-devel-linux-x86_64-debian-gcc 1.1.0 1.63 23.21 24.84 OK
r-devel-linux-x86_64-fedora-clang 1.1.0 38.90 OK
r-devel-linux-x86_64-fedora-gcc 1.1.0 39.56 OK
r-devel-windows-ix86+x86_64 1.1.0 7.00 44.00 51.00 OK
r-patched-linux-x86_64 1.1.0 1.31 27.64 28.95 OK
r-patched-solaris-x86 1.1.0 54.50 WARN
r-release-linux-x86_64 1.1.0 OK
r-release-windows-ix86+x86_64 1.1.0 4.00 60.00 64.00 OK
r-release-osx-x86_64 1.1.0 WARN
r-oldrel-windows-ix86+x86_64 1.1.0 5.00 50.00 55.00 OK
r-oldrel-osx-x86_64 1.1.0 WARN

Check Details

Version: 1.1.0
Check: re-building of vignette outputs
Result: WARN
    Error in re-building vignettes:
     ...
    Warning in engine$weave(file, quiet = quiet, encoding = enc) :
     Pandoc (>= 1.12.3) and/or pandoc-citeproc not available. Falling back to R Markdown v1.
    Quitting from lines 89-90 (getting-started.Rmd)
    Error: processing vignette 'getting-started.Rmd' failed with diagnostics:
    there is no package called 'webshot'
    Execution halted
Flavor: r-patched-solaris-x86

Version: 1.1.0
Check: re-building of vignette outputs
Result: WARN
    Error in re-building vignettes:
     ...
    Warning in engine$weave(file, quiet = quiet, encoding = enc) :
     Pandoc (>= 1.12.3) and/or pandoc-citeproc not available. Falling back to R Markdown v1.
    Quitting from lines 89-90 (getting-started.Rmd)
    Error: processing vignette 'getting-started.Rmd' failed with diagnostics:
    cannot open the connection
    Execution halted
Flavors: r-release-osx-x86_64, r-oldrel-osx-x86_64