CRAN Package Check Results for Package sigmaNet

Last updated on 2018-11-17 15:47:41 CET.

Flavor Version Tinstall Tcheck Ttotal Status Flags
r-devel-linux-x86_64-debian-clang 1.1.0 1.64 28.64 30.28 OK
r-devel-linux-x86_64-debian-gcc 1.1.0 1.39 23.37 24.76 OK
r-devel-linux-x86_64-fedora-clang 1.1.0 38.48 OK
r-devel-linux-x86_64-fedora-gcc 1.1.0 35.09 OK
r-devel-windows-ix86+x86_64 1.1.0 5.00 47.00 52.00 OK
r-patched-linux-x86_64 1.1.0 1.35 27.44 28.79 OK
r-patched-solaris-x86 1.1.0 55.90 WARN
r-release-linux-x86_64 1.1.0 1.51 27.29 28.80 OK
r-release-windows-ix86+x86_64 1.1.0 5.00 53.00 58.00 OK
r-release-osx-x86_64 1.1.0 WARN
r-oldrel-windows-ix86+x86_64 1.1.0 5.00 67.00 72.00 OK
r-oldrel-osx-x86_64 1.1.0 WARN

Check Details

Version: 1.1.0
Check: re-building of vignette outputs
Result: WARN
    Error in re-building vignettes:
     ...
    Warning in engine$weave(file, quiet = quiet, encoding = enc) :
     Pandoc (>= 1.12.3) and/or pandoc-citeproc not available. Falling back to R Markdown v1.
    Quitting from lines 89-90 (getting-started.Rmd)
    Error: processing vignette 'getting-started.Rmd' failed with diagnostics:
    there is no package called 'webshot'
    Execution halted
Flavor: r-patched-solaris-x86

Version: 1.1.0
Check: re-building of vignette outputs
Result: WARN
    Error in re-building vignettes:
     ...
    Warning in engine$weave(file, quiet = quiet, encoding = enc) :
     Pandoc (>= 1.12.3) and/or pandoc-citeproc not available. Falling back to R Markdown v1.
    Quitting from lines 89-90 (getting-started.Rmd)
    Error: processing vignette 'getting-started.Rmd' failed with diagnostics:
    cannot open the connection
    Execution halted
Flavors: r-release-osx-x86_64, r-oldrel-osx-x86_64