CRAN Package Check Results for Package sigmajs

Last updated on 2024-02-26 17:51:29 CET.

Flavor Version Tinstall Tcheck Ttotal Status Flags
r-devel-linux-x86_64-debian-clang 0.1.5 5.84 61.89 67.73 OK
r-devel-linux-x86_64-debian-gcc 0.1.5 4.30 46.53 50.83 OK
r-devel-linux-x86_64-fedora-clang 0.1.5 83.36 NOTE
r-devel-linux-x86_64-fedora-gcc 0.1.5 86.56 NOTE
r-devel-windows-x86_64 0.1.5 7.00 73.00 80.00 OK
r-patched-linux-x86_64 0.1.5 4.80 59.93 64.73 OK
r-release-linux-x86_64 0.1.5 3.50 60.57 64.07 OK
r-release-macos-arm64 0.1.5 28.00 OK
r-release-macos-x86_64 0.1.5 43.00 OK
r-release-windows-x86_64 0.1.5 8.00 83.00 91.00 OK
r-oldrel-macos-arm64 0.1.5 25.00 NOTE
r-oldrel-windows-x86_64 0.1.5 10.00 81.00 91.00 OK

Check Details

Version: 0.1.5
Check: data for non-ASCII characters
Result: NOTE Note: found 28 marked UTF-8 strings Flavors: r-devel-linux-x86_64-fedora-clang, r-devel-linux-x86_64-fedora-gcc, r-oldrel-macos-arm64