Last updated on 2021-04-20 00:47:59 CEST.
Flavor | Version | Tinstall | Tcheck | Ttotal | Status | Flags |
---|---|---|---|---|---|---|
r-devel-linux-x86_64-debian-clang | 2.0.0 | 42.59 | 252.33 | 294.92 | OK | |
r-devel-linux-x86_64-debian-gcc | 2.0.0 | 31.00 | 182.99 | 213.99 | OK | |
r-devel-linux-x86_64-fedora-clang | 2.0.0 | 348.71 | OK | |||
r-devel-linux-x86_64-fedora-gcc | 2.0.0 | 334.29 | OK | |||
r-devel-windows-ix86+x86_64 | 2.0.0 | 62.00 | 334.00 | 396.00 | NOTE | |
r-devel-windows-x86_64-gcc10-UCRT | 2.0.0 | OK | ||||
r-patched-linux-x86_64 | 2.0.0 | 33.20 | 227.62 | 260.82 | OK | |
r-patched-solaris-x86 | 2.0.0 | 408.60 | OK | |||
r-release-linux-x86_64 | 2.0.0 | 36.58 | 226.70 | 263.28 | OK | |
r-release-macos-x86_64 | 2.0.0 | ERROR | ||||
r-release-windows-ix86+x86_64 | 2.0.0 | 89.00 | 366.00 | 455.00 | NOTE | |
r-oldrel-macos-x86_64 | 2.0.0 | ERROR | ||||
r-oldrel-windows-ix86+x86_64 | 2.0.0 | 58.00 | 354.00 | 412.00 | OK |
Version: 2.0.0
Check: installed package size
Result: NOTE
installed size is 5.4Mb
sub-directories of 1Mb or more:
libs 2.0Mb
Flavors: r-devel-windows-ix86+x86_64, r-release-windows-ix86+x86_64
Version: 2.0.0
Check: package dependencies
Result: ERROR
Package required but not available: ‘maftools’
Package suggested but not available for checking: ‘copynumber’
See section ‘The DESCRIPTION file’ in the ‘Writing R Extensions’
manual.
Flavor: r-release-macos-x86_64
Version: 2.0.0
Check: package dependencies
Result: ERROR
Package required but not available: ‘maftools’
Package suggested but not available for checking: ‘BSgenome.Hsapiens.UCSC.hg19’
See section ‘The DESCRIPTION file’ in the ‘Writing R Extensions’
manual.
Flavor: r-oldrel-macos-x86_64