Last updated on 2021-04-22 10:49:23 CEST.
Flavor | Version | Tinstall | Tcheck | Ttotal | Status | Flags |
---|---|---|---|---|---|---|
r-devel-linux-x86_64-debian-clang | 0.7-6 | 7.04 | 42.78 | 49.82 | OK | |
r-devel-linux-x86_64-debian-gcc | 0.7-6 | 5.12 | 33.54 | 38.66 | OK | |
r-devel-linux-x86_64-fedora-clang | 0.7-6 | 69.44 | NOTE | |||
r-devel-linux-x86_64-fedora-gcc | 0.7-6 | 59.53 | NOTE | |||
r-devel-windows-ix86+x86_64 | 0.7-6 | 16.00 | 71.00 | 87.00 | OK | |
r-devel-windows-x86_64-gcc10-UCRT | 0.7-6 | OK | ||||
r-patched-linux-x86_64 | 0.7-6 | 7.78 | 40.10 | 47.88 | WARN | |
r-patched-solaris-x86 | 0.7-6 | 81.60 | OK | |||
r-release-linux-x86_64 | 0.7-6 | 6.17 | 40.61 | 46.78 | OK | |
r-release-macos-x86_64 | 0.7-6 | OK | ||||
r-release-windows-ix86+x86_64 | 0.7-6 | 15.00 | 76.00 | 91.00 | OK | |
r-oldrel-macos-x86_64 | 0.7-6 | OK | ||||
r-oldrel-windows-ix86+x86_64 | 0.7-6 | 12.00 | 70.00 | 82.00 | OK |
Version: 0.7-6
Check: Rd cross-references
Result: NOTE
Undeclared package ‘matlab’ in Rd xrefs
Flavor: r-devel-linux-x86_64-fedora-clang
Version: 0.7-6
Check: compiled code
Result: NOTE
File ‘signal/libs/signal.so’:
Found no calls to: ‘R_registerRoutines’, ‘R_useDynamicSymbols’
It is good practice to register native routines and to disable symbol
search.
See ‘Writing portable packages’ in the ‘Writing R Extensions’ manual.
Flavors: r-devel-linux-x86_64-fedora-clang, r-devel-linux-x86_64-fedora-gcc
Version: 0.7-6
Check: whether package can be installed
Result: WARN
Found the following significant warnings:
Rd warning: /tmp/Rtmpn5WIbR/R.INSTALL6e965f0d8f48/signal/man/grpdelay.Rd:43: file link ‘plot’ in package ‘graphics’ does not exist and so has been treated as a topic
Rd warning: /tmp/Rtmpn5WIbR/R.INSTALL6e965f0d8f48/signal/man/impz.Rd:38: file link ‘plot’ in package ‘graphics’ does not exist and so has been treated as a topic
Flavor: r-patched-linux-x86_64