CRAN Package Check Results for Package signal

Last updated on 2020-08-07 21:48:52 CEST.

Flavor Version Tinstall Tcheck Ttotal Status Flags
r-devel-linux-x86_64-debian-clang 0.7-6 6.37 39.28 45.65 OK
r-devel-linux-x86_64-debian-gcc 0.7-6 5.38 30.43 35.81 OK
r-devel-linux-x86_64-fedora-clang 0.7-6 63.42 NOTE
r-devel-linux-x86_64-fedora-gcc 0.7-6 55.64 NOTE
r-devel-windows-ix86+x86_64 0.7-6 18.00 71.00 89.00 OK
r-patched-linux-x86_64 0.7-6 6.47 38.70 45.17 OK
r-patched-solaris-x86 0.7-6 72.90 OK
r-release-linux-x86_64 0.7-6 6.11 38.67 44.78 OK
r-release-macos-x86_64 0.7-6 OK
r-release-windows-ix86+x86_64 0.7-6 19.00 84.00 103.00 OK
r-oldrel-macos-x86_64 0.7-6 OK
r-oldrel-windows-ix86+x86_64 0.7-6 14.00 81.00 95.00 OK

Check Details

Version: 0.7-6
Check: Rd cross-references
Result: NOTE
    Undeclared package ‘matlab’ in Rd xrefs
Flavor: r-devel-linux-x86_64-fedora-clang

Version: 0.7-6
Check: compiled code
Result: NOTE
    File ‘signal/libs/signal.so’:
     Found no calls to: ‘R_registerRoutines’, ‘R_useDynamicSymbols’
    
    It is good practice to register native routines and to disable symbol
    search.
    
    See ‘Writing portable packages’ in the ‘Writing R Extensions’ manual.
Flavors: r-devel-linux-x86_64-fedora-clang, r-devel-linux-x86_64-fedora-gcc