CRAN Package Check Results for Package signal

Last updated on 2019-01-23 16:49:43 CET.

Flavor Version Tinstall Tcheck Ttotal Status Flags
r-devel-linux-x86_64-debian-clang 0.7-6 4.78 37.30 42.08 OK
r-devel-linux-x86_64-debian-gcc 0.7-6 3.12 28.47 31.59 OK
r-devel-linux-x86_64-fedora-clang 0.7-6 49.93 NOTE
r-devel-linux-x86_64-fedora-gcc 0.7-6 47.53 NOTE
r-devel-windows-ix86+x86_64 0.7-6 21.00 73.00 94.00 OK
r-patched-linux-x86_64 0.7-6 4.83 34.13 38.96 OK
r-patched-solaris-x86 0.7-6 68.20 OK
r-release-linux-x86_64 0.7-6 4.45 34.07 38.52 OK
r-release-windows-ix86+x86_64 0.7-6 13.00 57.00 70.00 OK
r-release-osx-x86_64 0.7-6 OK
r-oldrel-windows-ix86+x86_64 0.7-6 9.00 81.00 90.00 OK
r-oldrel-osx-x86_64 0.7-6 OK

Check Details

Version: 0.7-6
Check: compiled code
Result: NOTE
    File ‘signal/libs/signal.so’:
     Found no calls to: ‘R_registerRoutines’, ‘R_useDynamicSymbols’
    
    It is good practice to register native routines and to disable symbol
    search.
    
    See ‘Writing portable packages’ in the ‘Writing R Extensions’ manual.
Flavors: r-devel-linux-x86_64-fedora-clang, r-devel-linux-x86_64-fedora-gcc