CRAN Package Check Results for Package signal

Last updated on 2019-04-19 18:47:18 CEST.

Flavor Version Tinstall Tcheck Ttotal Status Flags
r-devel-linux-x86_64-debian-clang 0.7-6 6.21 36.44 42.65 OK
r-devel-linux-x86_64-debian-gcc 0.7-6 4.16 28.63 32.79 OK
r-devel-linux-x86_64-fedora-clang 0.7-6 51.19 NOTE
r-devel-linux-x86_64-fedora-gcc 0.7-6 47.92 NOTE
r-devel-windows-ix86+x86_64 0.7-6 19.00 62.00 81.00 OK
r-patched-linux-x86_64 0.7-6 5.90 36.37 42.27 OK
r-patched-solaris-x86 0.7-6 68.80 OK
r-release-linux-x86_64 0.7-6 4.78 33.95 38.73 OK
r-release-windows-ix86+x86_64 0.7-6 11.00 71.00 82.00 OK
r-release-osx-x86_64 0.7-6 OK
r-oldrel-windows-ix86+x86_64 0.7-6 8.00 79.00 87.00 OK
r-oldrel-osx-x86_64 0.7-6 OK

Check Details

Version: 0.7-6
Check: compiled code
Result: NOTE
    File ‘signal/libs/signal.so’:
     Found no calls to: ‘R_registerRoutines’, ‘R_useDynamicSymbols’
    
    It is good practice to register native routines and to disable symbol
    search.
    
    See ‘Writing portable packages’ in the ‘Writing R Extensions’ manual.
Flavors: r-devel-linux-x86_64-fedora-clang, r-devel-linux-x86_64-fedora-gcc