CRAN Package Check Results for Package simDNAmixtures

Last updated on 2024-03-05 00:51:58 CET.

Flavor Version Tinstall Tcheck Ttotal Status Flags
r-devel-linux-x86_64-debian-clang 1.0.1 4.28 50.06 54.34 OK
r-devel-linux-x86_64-debian-gcc 1.0.1 3.62 38.53 42.15 OK
r-devel-linux-x86_64-fedora-clang 1.0.1 68.26 NOTE
r-devel-linux-x86_64-fedora-gcc 1.0.1 81.89 NOTE
r-devel-windows-x86_64 1.0.1 6.00 62.00 68.00 OK
r-patched-linux-x86_64 1.0.1 3.37 48.74 52.11 OK
r-release-linux-x86_64 1.0.1 3.11 48.61 51.72 OK
r-release-macos-arm64 1.0.1 33.00 OK
r-release-macos-x86_64 1.0.1 43.00 OK
r-release-windows-x86_64 1.0.1 8.00 69.00 77.00 OK
r-oldrel-macos-arm64 1.0.1 25.00 NOTE
r-oldrel-windows-x86_64 1.0.1 8.00 68.00 76.00 OK

Check Details

Version: 1.0.1
Check: dependencies in R code
Result: NOTE Namespaces in Imports field not imported from: ‘pedtools’ ‘readr’ All declared Imports should be used. Flavors: r-devel-linux-x86_64-fedora-clang, r-devel-linux-x86_64-fedora-gcc, r-oldrel-macos-arm64