CRAN Package Check Results for Package simGWAS

Last updated on 2019-11-14 16:48:48 CET.

Flavor Version Tinstall Tcheck Ttotal Status Flags
r-devel-linux-x86_64-debian-clang 0.2.0-2 57.58 36.10 93.68 OK
r-devel-linux-x86_64-debian-gcc 0.2.0-2 38.59 28.04 66.63 OK
r-devel-linux-x86_64-fedora-clang 0.2.0-2 142.79 OK
r-devel-linux-x86_64-fedora-gcc 0.2.0-2 118.11 OK
r-patched-linux-x86_64 0.2.0-2 43.39 34.50 77.89 OK
r-patched-solaris-x86 0.2.0-2 31.90 ERROR
r-release-linux-x86_64 0.2.0-2 44.20 34.57 78.77 OK
r-release-osx-x86_64 0.2.0-2 OK
r-oldrel-osx-x86_64 0.2.0-2 OK

Check Details

Version: 0.2.0-2
Check: whether package can be installed
Result: ERROR
    Installation failed.
Flavor: r-patched-solaris-x86