CRAN Package Check Results for Package simPATHy

Last updated on 2018-05-23 16:48:29 CEST.

Flavor Version Tinstall Tcheck Ttotal Status Flags
r-devel-linux-x86_64-debian-clang 0.2 2.34 66.45 68.79 OK
r-devel-linux-x86_64-debian-gcc 0.2 1.49 53.69 55.18 OK
r-devel-linux-x86_64-fedora-clang 0.2 85.87 OK
r-devel-linux-x86_64-fedora-gcc 0.2 84.40 OK
r-devel-windows-ix86+x86_64 0.2 6.00 110.00 116.00 OK
r-patched-linux-x86_64 0.2 2.59 59.70 62.29 OK
r-patched-solaris-x86 0.2 112.30 NOTE
r-release-linux-x86_64 0.2 3.01 58.19 61.20 OK
r-release-windows-ix86+x86_64 0.2 8.00 105.00 113.00 OK
r-release-osx-x86_64 0.2 ERROR
r-oldrel-windows-ix86+x86_64 0.2 11.00 77.00 88.00 OK
r-oldrel-osx-x86_64 0.2 OK

Check Details

Version: 0.2
Check: installed package size
Result: NOTE
     installed size is 5.1Mb
     sub-directories of 1Mb or more:
     data 2.0Mb
     doc 2.7Mb
Flavor: r-patched-solaris-x86

Version: 0.2
Check: package dependencies
Result: ERROR
    Package required but not available: ‘qpgraph’
    
    Packages suggested but not available for checking: ‘clipper’ ‘topologyGSA’
    
    See section ‘The DESCRIPTION file’ in the ‘Writing R Extensions’
    manual.
Flavor: r-release-osx-x86_64