CRAN Package Check Results for Package simPATHy

Last updated on 2018-08-19 06:47:00 CEST.

Flavor Version Tinstall Tcheck Ttotal Status Flags
r-devel-linux-x86_64-debian-clang 0.2 2.29 69.22 71.51 OK
r-devel-linux-x86_64-debian-gcc 0.2 2.36 55.87 58.23 OK
r-devel-linux-x86_64-fedora-clang 0.2 86.09 OK
r-devel-linux-x86_64-fedora-gcc 0.2 87.27 OK
r-devel-windows-ix86+x86_64 0.2 10.00 111.00 121.00 OK
r-patched-linux-x86_64 0.2 2.56 59.97 62.53 OK
r-patched-solaris-x86 0.2 111.50 NOTE
r-release-linux-x86_64 0.2 2.89 59.79 62.68 OK
r-release-windows-ix86+x86_64 0.2 9.00 75.00 84.00 OK
r-release-osx-x86_64 0.2 ERROR
r-oldrel-windows-ix86+x86_64 0.2 4.00 65.00 69.00 OK
r-oldrel-osx-x86_64 0.2 OK

Check Details

Version: 0.2
Check: installed package size
Result: NOTE
     installed size is 5.1Mb
     sub-directories of 1Mb or more:
     data 2.0Mb
     doc 2.7Mb
Flavor: r-patched-solaris-x86

Version: 0.2
Check: package dependencies
Result: ERROR
    Package required but not available: ‘qpgraph’
    
    Packages suggested but not available for checking: ‘clipper’ ‘topologyGSA’
    
    See section ‘The DESCRIPTION file’ in the ‘Writing R Extensions’
    manual.
Flavor: r-release-osx-x86_64