CRAN Package Check Results for Package simPATHy

Last updated on 2018-11-17 06:46:59 CET.

Flavor Version Tinstall Tcheck Ttotal Status Flags
r-devel-linux-x86_64-debian-clang 0.2 2.61 60.93 63.54 OK
r-devel-linux-x86_64-debian-gcc 0.2 2.50 49.62 52.12 OK
r-devel-linux-x86_64-fedora-clang 0.2 87.21 OK
r-devel-linux-x86_64-fedora-gcc 0.2 75.22 OK
r-devel-windows-ix86+x86_64 0.2 7.00 77.00 84.00 OK
r-patched-linux-x86_64 0.2 2.93 59.55 62.48 OK
r-patched-solaris-x86 0.2 112.30 NOTE
r-release-linux-x86_64 0.2 2.03 58.82 60.85 OK
r-release-windows-ix86+x86_64 0.2 10.00 111.00 121.00 OK
r-release-osx-x86_64 0.2 ERROR
r-oldrel-windows-ix86+x86_64 0.2 8.00 102.00 110.00 OK
r-oldrel-osx-x86_64 0.2 OK

Check Details

Version: 0.2
Check: installed package size
Result: NOTE
     installed size is 5.1Mb
     sub-directories of 1Mb or more:
     data 2.0Mb
     doc 2.7Mb
Flavor: r-patched-solaris-x86

Version: 0.2
Check: package dependencies
Result: ERROR
    Package required but not available: ‘qpgraph’
    
    Packages suggested but not available for checking: ‘clipper’ ‘topologyGSA’
    
    See section ‘The DESCRIPTION file’ in the ‘Writing R Extensions’
    manual.
Flavor: r-release-osx-x86_64