CRAN Package Check Results for Package simPATHy

Last updated on 2019-09-18 06:49:56 CEST.

Flavor Version Tinstall Tcheck Ttotal Status Flags
r-devel-linux-x86_64-debian-clang 0.2 3.66 64.91 68.57 OK
r-devel-linux-x86_64-debian-gcc 0.2 3.00 51.55 54.55 OK
r-devel-linux-x86_64-fedora-clang 0.2 90.45 OK
r-devel-linux-x86_64-fedora-gcc 0.2 82.58 OK
r-devel-windows-ix86+x86_64 0.2 19.00 102.00 121.00 OK
r-patched-linux-x86_64 0.2 3.62 62.29 65.91 OK
r-patched-solaris-x86 0.2 125.40 NOTE
r-release-linux-x86_64 0.2 3.80 61.86 65.66 OK
r-release-windows-ix86+x86_64 0.2 9.00 78.00 87.00 OK
r-release-osx-x86_64 0.2 ERROR
r-oldrel-windows-ix86+x86_64 0.2 9.00 78.00 87.00 OK
r-oldrel-osx-x86_64 0.2 ERROR

Check Details

Version: 0.2
Check: installed package size
Result: NOTE
     installed size is 5.1Mb
     sub-directories of 1Mb or more:
     data 2.0Mb
     doc 2.7Mb
Flavor: r-patched-solaris-x86

Version: 0.2
Check: package dependencies
Result: ERROR
    Packages required but not available: 'gRbase', 'graph', 'qpgraph'
    
    Packages suggested but not available for checking: 'clipper', 'topologyGSA'
    
    See section ‘The DESCRIPTION file’ in the ‘Writing R Extensions’
    manual.
Flavor: r-release-osx-x86_64

Version: 0.2
Check: package dependencies
Result: ERROR
    Package required but not available: ‘qpgraph’
    
    Packages suggested but not available for checking: ‘clipper’ ‘topologyGSA’
    
    See section ‘The DESCRIPTION file’ in the ‘Writing R Extensions’
    manual.
Flavor: r-oldrel-osx-x86_64