CRAN Package Check Results for Package simPATHy

Last updated on 2018-02-25 02:47:57 CET.

Flavor Version Tinstall Tcheck Ttotal Status Flags
r-devel-linux-x86_64-debian-clang 0.2 2.52 59.44 61.96 OK
r-devel-linux-x86_64-debian-gcc 0.2 1.93 47.19 49.12 OK
r-devel-windows-ix86+x86_64 0.2 7.00 89.00 96.00 OK
r-patched-linux-x86_64 0.2 1.19 61.47 62.66 OK
r-patched-solaris-x86 0.2 110.70 NOTE
r-release-linux-x86_64 0.2 1.60 61.95 63.55 OK
r-release-windows-ix86+x86_64 0.2 9.00 96.00 105.00 OK
r-release-osx-x86_64 0.2 ERROR
r-oldrel-windows-ix86+x86_64 0.2 5.00 68.00 73.00 OK
r-oldrel-osx-x86_64 0.2 OK

Check Details

Version: 0.2
Check: installed package size
Result: NOTE
     installed size is 5.0Mb
     sub-directories of 1Mb or more:
     data 2.0Mb
     doc 2.7Mb
Flavor: r-patched-solaris-x86

Version: 0.2
Check: package dependencies
Result: ERROR
    Package required but not available: ‘qpgraph’
    
    Packages suggested but not available for checking: ‘clipper’ ‘topologyGSA’
    
    See section ‘The DESCRIPTION file’ in the ‘Writing R Extensions’
    manual.
Flavor: r-release-osx-x86_64