CRAN Package Check Results for Package simPATHy

Last updated on 2019-02-16 12:02:43 CET.

Flavor Version Tinstall Tcheck Ttotal Status Flags
r-devel-linux-x86_64-debian-clang 0.2 3.01 64.61 67.62 OK
r-devel-linux-x86_64-debian-gcc 0.2 2.50 50.31 52.81 OK
r-devel-linux-x86_64-fedora-clang 0.2 85.16 OK
r-devel-linux-x86_64-fedora-gcc 0.2 81.90 OK
r-devel-windows-ix86+x86_64 0.2 8.00 95.00 103.00 OK
r-patched-linux-x86_64 0.2 2.63 60.65 63.28 OK
r-patched-solaris-x86 0.2 111.80 NOTE
r-release-linux-x86_64 0.2 2.06 59.04 61.10 OK
r-release-windows-ix86+x86_64 0.2 6.00 97.00 103.00 OK
r-release-osx-x86_64 0.2 ERROR
r-oldrel-windows-ix86+x86_64 0.2 6.00 116.00 122.00 OK
r-oldrel-osx-x86_64 0.2 OK

Check Details

Version: 0.2
Check: installed package size
Result: NOTE
     installed size is 5.1Mb
     sub-directories of 1Mb or more:
     data 2.0Mb
     doc 2.7Mb
Flavor: r-patched-solaris-x86

Version: 0.2
Check: package dependencies
Result: ERROR
    Package required but not available: ‘qpgraph’
    
    Packages suggested but not available for checking: ‘clipper’ ‘topologyGSA’
    
    See section ‘The DESCRIPTION file’ in the ‘Writing R Extensions’
    manual.
Flavor: r-release-osx-x86_64