CRAN Package Check Results for Package simPop

Last updated on 2018-11-21 10:50:59 CET.

Flavor Version Tinstall Tcheck Ttotal Status Flags
r-devel-linux-x86_64-debian-clang 1.1.1 84.16 160.80 244.96 OK
r-devel-linux-x86_64-debian-gcc 1.1.1 78.47 125.01 203.48 OK
r-devel-linux-x86_64-fedora-clang 1.1.1 328.01 NOTE
r-devel-linux-x86_64-fedora-gcc 1.1.1 306.25 OK
r-devel-windows-ix86+x86_64 1.1.1 208.00 337.00 545.00 OK
r-patched-linux-x86_64 1.1.1 98.02 155.07 253.09 OK
r-patched-solaris-x86 1.1.1 393.90 OK
r-release-linux-x86_64 1.1.1 96.71 153.49 250.20 OK
r-release-windows-ix86+x86_64 1.1.1 167.00 332.00 499.00 OK
r-release-osx-x86_64 1.1.1 NOTE
r-oldrel-windows-ix86+x86_64 1.1.1 158.00 339.00 497.00 OK
r-oldrel-osx-x86_64 1.1.1 OK

Check Details

Version: 1.1.1
Check: installed package size
Result: NOTE
     installed size is 5.9Mb
     sub-directories of 1Mb or more:
     data 2.0Mb
     libs 3.0Mb
Flavors: r-devel-linux-x86_64-fedora-clang, r-release-osx-x86_64