CRAN Package Check Results for Package simPop

Last updated on 2018-08-19 09:48:21 CEST.

Flavor Version Tinstall Tcheck Ttotal Status Flags
r-devel-linux-x86_64-debian-clang 1.1.1 80.53 169.59 250.12 OK
r-devel-linux-x86_64-debian-gcc 1.1.1 78.44 132.53 210.97 OK
r-devel-linux-x86_64-fedora-clang 1.1.1 337.49 NOTE
r-devel-linux-x86_64-fedora-gcc 1.1.1 332.71 OK
r-devel-windows-ix86+x86_64 1.1.1 214.00 333.00 547.00 OK
r-patched-linux-x86_64 1.1.1 94.86 152.83 247.69 OK
r-patched-solaris-x86 1.1.1 381.50 OK
r-release-linux-x86_64 1.1.1 93.26 152.14 245.40 OK
r-release-windows-ix86+x86_64 1.1.1 218.00 302.00 520.00 OK
r-release-osx-x86_64 1.1.1 NOTE
r-oldrel-windows-ix86+x86_64 1.1.1 168.00 221.00 389.00 OK
r-oldrel-osx-x86_64 1.1.1 OK

Check Details

Version: 1.1.1
Check: installed package size
Result: NOTE
     installed size is 5.7Mb
     sub-directories of 1Mb or more:
     data 2.0Mb
     libs 2.9Mb
Flavors: r-devel-linux-x86_64-fedora-clang, r-release-osx-x86_64