CRAN Package Check Results for Package simPop

Last updated on 2018-05-26 08:49:52 CEST.

Flavor Version Tinstall Tcheck Ttotal Status Flags
r-devel-linux-x86_64-debian-clang 1.1.0 87.89 605.65 693.54 WARN
r-devel-linux-x86_64-debian-gcc 1.1.0 75.56 393.21 468.77 WARN
r-devel-linux-x86_64-fedora-clang 1.1.0 830.47 NOTE
r-devel-linux-x86_64-fedora-gcc 1.1.0 762.17 NOTE
r-devel-windows-ix86+x86_64 1.1.0 156.00 805.00 961.00 OK
r-patched-linux-x86_64 1.1.0 88.73 585.07 673.80 OK
r-patched-solaris-x86 1.1.0 1130.60 OK
r-release-linux-x86_64 1.1.0 89.31 517.59 606.90 OK
r-release-windows-ix86+x86_64 1.1.0 236.00 1129.00 1365.00 OK
r-release-osx-x86_64 1.1.0 NOTE
r-oldrel-windows-ix86+x86_64 1.1.0 211.00 808.00 1019.00 OK
r-oldrel-osx-x86_64 1.1.0 OK

Check Details

Version: 1.1.0
Check: for unstated dependencies in ‘tests’
Result: WARN
    Warning: parse error in file ‘testthat/simInitSpatialTest.R’:
    77:1: unexpected symbol
    76:
    77: margins
     ^
Flavors: r-devel-linux-x86_64-debian-clang, r-devel-linux-x86_64-debian-gcc

Version: 1.1.0
Check: installed package size
Result: NOTE
     installed size is 5.7Mb
     sub-directories of 1Mb or more:
     data 2.0Mb
     libs 2.9Mb
Flavors: r-devel-linux-x86_64-fedora-clang, r-devel-linux-x86_64-fedora-gcc, r-release-osx-x86_64