CRAN Package Check Results for Package simPop

Last updated on 2019-02-17 23:52:09 CET.

Flavor Version Tinstall Tcheck Ttotal Status Flags
r-devel-linux-x86_64-debian-clang 1.1.1 89.71 166.31 256.02 OK
r-devel-linux-x86_64-debian-gcc 1.1.1 72.04 127.93 199.97 OK
r-devel-linux-x86_64-fedora-clang 1.1.1 346.23 NOTE
r-devel-linux-x86_64-fedora-gcc 1.1.1 310.18 OK
r-devel-windows-ix86+x86_64 1.1.1 205.00 238.00 443.00 OK
r-patched-linux-x86_64 1.1.1 86.73 155.51 242.24 OK
r-patched-solaris-x86 1.1.1 401.70 OK
r-release-linux-x86_64 1.1.1 OK
r-release-windows-ix86+x86_64 1.1.1 151.00 235.00 386.00 OK
r-release-osx-x86_64 1.1.1 NOTE
r-oldrel-windows-ix86+x86_64 1.1.1 164.00 347.00 511.00 OK
r-oldrel-osx-x86_64 1.1.1 OK

Check Details

Version: 1.1.1
Check: installed package size
Result: NOTE
     installed size is 5.7Mb
     sub-directories of 1Mb or more:
     data 2.0Mb
     libs 2.8Mb
Flavors: r-devel-linux-x86_64-fedora-clang, r-release-osx-x86_64