CRAN Package Check Results for Package simTool

Last updated on 2019-03-23 09:48:23 CET.

Flavor Version Tinstall Tcheck Ttotal Status Flags
r-devel-linux-x86_64-fedora-clang 1.1.3 76.57 OK
r-devel-linux-x86_64-fedora-gcc 1.1.3 71.04 OK
r-patched-solaris-x86 1.1.3 160.60 OK
r-release-linux-x86_64 1.1.3 0.43 2.50 2.93 ERROR
r-release-osx-x86_64 1.1.2 OK
r-oldrel-osx-x86_64 1.1.2 OK

Check Details

Version: 1.1.3
Check: whether package can be installed
Result: ERROR
    Installation failed.
Flavor: r-release-linux-x86_64