CRAN Package Check Results for Package simba

Last updated on 2019-12-07 07:56:30 CET.

Flavor Version Tinstall Tcheck Ttotal Status Flags
r-devel-linux-x86_64-debian-clang 0.3-5 10.80 113.97 124.77 OK
r-devel-linux-x86_64-debian-gcc 0.3-5 10.38 86.20 96.58 OK
r-devel-linux-x86_64-fedora-clang 0.3-5 154.47 OK
r-devel-linux-x86_64-fedora-gcc 0.3-5 154.58 OK
r-devel-windows-ix86+x86_64 0.3-5 19.00 152.00 171.00 OK
r-devel-windows-ix86+x86_64-gcc8 0.3-5 18.00 163.00 181.00 OK
r-patched-linux-x86_64 0.3-5 10.15 103.42 113.57 OK
r-patched-solaris-x86 0.3-5 189.10 OK
r-release-linux-x86_64 0.3-5 10.38 102.69 113.07 OK
r-release-windows-ix86+x86_64 0.3-5 25.00 106.00 131.00 OK
r-release-osx-x86_64 0.3-5 OK
r-oldrel-windows-ix86+x86_64 0.3-5 12.00 108.00 120.00 OK
r-oldrel-osx-x86_64 0.3-5 OK

Check Details

Version: 0.3-5
Check: examples
Result: FAIL
    
Flavor: r-release-osx-x86_64