CRAN Package Check Results for Package simba

Last updated on 2020-07-07 07:48:15 CEST.

Flavor Version Tinstall Tcheck Ttotal Status Flags
r-devel-linux-x86_64-debian-clang 0.3-5 11.61 112.61 124.22 OK
r-devel-linux-x86_64-debian-gcc 0.3-5 10.30 86.86 97.16 OK
r-devel-linux-x86_64-fedora-clang 0.3-5 165.01 NOTE
r-devel-linux-x86_64-fedora-gcc 0.3-5 151.10 OK
r-devel-windows-ix86+x86_64 0.3-5 18.00 119.00 137.00 OK
r-patched-linux-x86_64 0.3-5 11.30 112.47 123.77 OK
r-patched-solaris-x86 0.3-5 203.70 OK
r-release-linux-x86_64 0.3-5 10.49 113.04 123.53 OK
r-release-osx-x86_64 0.3-5 OK
r-release-windows-ix86+x86_64 0.3-5 21.00 117.00 138.00 OK
r-oldrel-osx-x86_64 0.3-5 FAIL
r-oldrel-windows-ix86+x86_64 0.3-5 30.00 150.00 180.00 OK

Check Details

Version: 0.3-5
Check: Rd cross-references
Result: NOTE
    Undeclared packages ‘ade4’, ‘labdsv’, ‘sp’ in Rd xrefs
Flavor: r-devel-linux-x86_64-fedora-clang

Version: 0.3-5
Check: examples
Result: FAIL
Flavor: r-oldrel-osx-x86_64