CRAN Package Check Results for Package simcausal

Last updated on 2018-08-17 13:46:43 CEST.

Flavor Version Tinstall Tcheck Ttotal Status Flags
r-devel-linux-x86_64-debian-clang 0.5.4 5.00 308.26 313.26 WARN
r-devel-linux-x86_64-debian-gcc 0.5.4 5.65 228.93 234.58 WARN
r-devel-linux-x86_64-fedora-clang 0.5.4 367.65 WARN
r-devel-linux-x86_64-fedora-gcc 0.5.4 369.40 WARN
r-devel-windows-ix86+x86_64 0.5.4 13.00 81.00 94.00 WARN --no-examples --no-tests --no-vignettes
r-patched-linux-x86_64 0.5.4 6.21 293.84 300.05 NOTE
r-patched-solaris-x86 0.5.4 509.40 NOTE
r-release-linux-x86_64 0.5.4 5.73 298.05 303.78 NOTE
r-release-windows-ix86+x86_64 0.5.4 14.00 58.00 72.00 OK --no-examples --no-tests --no-vignettes
r-release-osx-x86_64 0.5.4 OK
r-oldrel-windows-ix86+x86_64 0.5.4 6.00 80.00 86.00 OK --no-examples --no-tests --no-vignettes
r-oldrel-osx-x86_64 0.5.4 WARN

Check Details

Version: 0.5.4
Check: package dependencies
Result: NOTE
    Packages suggested but not available for checking: ‘tmlenet’ ‘ltmle’
Flavors: r-devel-linux-x86_64-debian-clang, r-devel-linux-x86_64-debian-gcc, r-devel-linux-x86_64-fedora-clang, r-devel-linux-x86_64-fedora-gcc, r-patched-linux-x86_64, r-patched-solaris-x86, r-release-linux-x86_64

Version: 0.5.4
Check: for unstated dependencies in ‘tests’
Result: WARN
    '::' or ':::' import not declared from: ‘devtools’
    'library' or 'require' calls not declared from:
     ‘devtools’ ‘roxygen2’
Flavors: r-devel-linux-x86_64-debian-clang, r-devel-linux-x86_64-debian-gcc, r-devel-linux-x86_64-fedora-clang, r-devel-linux-x86_64-fedora-gcc

Version: 0.5.4
Flags: --no-examples --no-tests --no-vignettes
Check: for unstated dependencies in ‘tests’
Result: WARN
    '::' or ':::' import not declared from: 'devtools'
    'library' or 'require' calls not declared from:
     'devtools' 'roxygen2'
Flavor: r-devel-windows-ix86+x86_64

Version: 0.5.4
Check: re-building of vignette outputs
Result: WARN
    Error in re-building vignettes:
     ...
    Loading required package: survival
    Loading required package: Formula
    
    Attaching package: 'Hmisc'
    
    The following objects are masked from 'package:base':
    
     format.pval, round.POSIXt, trunc.POSIXt, units
    
    Error in texi2dvi(file = file, pdf = TRUE, clean = clean, quiet = quiet, :
     Running 'texi2dvi' on 'simcausal_vignette.tex' failed.
    LaTeX errors:
    ! LaTeX Error: File `footmisc.sty' not found.
    
    Type X to quit or <RETURN> to proceed,
    or enter new name. (Default extension: sty)
    
    ! Emergency stop.
    <read *>
    
    l.61 \usepackage
     [utf8]{inputenc}^^M
    ! ==> Fatal error occurred, no output PDF file produced!
    Calls: buildVignettes -> texi2pdf -> texi2dvi
    Execution halted
Flavor: r-oldrel-osx-x86_64