CRAN Package Check Results for Package simcausal

Last updated on 2018-05-26 04:51:17 CEST.

Flavor Version Tinstall Tcheck Ttotal Status Flags
r-devel-linux-x86_64-debian-clang 0.5.4 5.57 321.33 326.90 WARN
r-devel-linux-x86_64-debian-gcc 0.5.4 5.78 236.81 242.59 WARN
r-devel-linux-x86_64-fedora-clang 0.5.4 379.34 OK
r-devel-linux-x86_64-fedora-gcc 0.5.4 355.70 OK
r-devel-windows-ix86+x86_64 0.5.4 11.00 78.00 89.00 OK --no-examples --no-tests --no-vignettes
r-patched-linux-x86_64 0.5.4 5.95 304.78 310.73 OK
r-patched-solaris-x86 0.5.4 502.00 OK
r-release-linux-x86_64 0.5.4 5.83 301.49 307.32 OK
r-release-windows-ix86+x86_64 0.5.4 13.00 58.00 71.00 OK --no-examples --no-tests --no-vignettes
r-release-osx-x86_64 0.5.4 OK
r-oldrel-windows-ix86+x86_64 0.5.4 7.00 61.00 68.00 OK --no-examples --no-tests --no-vignettes
r-oldrel-osx-x86_64 0.5.4 WARN

Check Details

Version: 0.5.4
Check: for unstated dependencies in ‘tests’
Result: WARN
    '::' or ':::' import not declared from: ‘devtools’
    'library' or 'require' calls not declared from:
     ‘devtools’ ‘roxygen2’
Flavors: r-devel-linux-x86_64-debian-clang, r-devel-linux-x86_64-debian-gcc

Version: 0.5.4
Check: re-building of vignette outputs
Result: WARN
    Error in re-building vignettes:
     ...
    Loading required package: survival
    Loading required package: Formula
    
    Attaching package: 'Hmisc'
    
    The following objects are masked from 'package:base':
    
     format.pval, round.POSIXt, trunc.POSIXt, units
    
    Error in texi2dvi(file = file, pdf = TRUE, clean = clean, quiet = quiet, :
     Running 'texi2dvi' on 'simcausal_vignette.tex' failed.
    LaTeX errors:
    ! LaTeX Error: File `footmisc.sty' not found.
    
    Type X to quit or <RETURN> to proceed,
    or enter new name. (Default extension: sty)
    
    ! Emergency stop.
    <read *>
    
    l.61 \usepackage
     [utf8]{inputenc}^^M
    ! ==> Fatal error occurred, no output PDF file produced!
    Calls: buildVignettes -> texi2pdf -> texi2dvi
    Execution halted
Flavor: r-oldrel-osx-x86_64