Last updated on 2023-09-25 14:01:12 CEST.
Flavor | Version | Tinstall | Tcheck | Ttotal | Status | Flags |
---|---|---|---|---|---|---|
r-devel-linux-x86_64-debian-clang | 0.9.0.2 | 105.95 | 132.34 | 238.29 | NOTE | |
r-devel-linux-x86_64-debian-gcc | 0.9.0.2 | 69.92 | 95.51 | 165.43 | NOTE | |
r-devel-linux-x86_64-fedora-clang | 0.9.0.2 | 301.01 | NOTE | |||
r-devel-linux-x86_64-fedora-gcc | 0.9.0.2 | 296.21 | NOTE | |||
r-devel-windows-x86_64 | 0.9.0.2 | 81.00 | 143.00 | 224.00 | NOTE | |
r-patched-linux-x86_64 | 0.9.0.2 | 91.32 | 122.39 | 213.71 | NOTE | |
r-release-linux-x86_64 | 0.9.0.2 | 95.57 | 118.06 | 213.63 | NOTE | |
r-release-macos-arm64 | 0.9.0.2 | 75.00 | NOTE | |||
r-release-macos-x86_64 | 0.9.0.2 | 128.00 | NOTE | |||
r-release-windows-x86_64 | 0.9.0.2 | 103.00 | 171.00 | 274.00 | NOTE | |
r-oldrel-macos-arm64 | 0.9.0.2 | 67.00 | NOTE | |||
r-oldrel-macos-x86_64 | 0.9.0.2 | 93.00 | NOTE | |||
r-oldrel-windows-x86_64 | 0.9.0.2 | 96.00 | 153.00 | 249.00 | OK |
Version: 0.9.0.2
Check: C++ specification
Result: NOTE
Specified C++11: please drop specification unless essential
Flavors: r-devel-linux-x86_64-debian-clang, r-devel-linux-x86_64-debian-gcc, r-devel-linux-x86_64-fedora-clang, r-devel-linux-x86_64-fedora-gcc, r-devel-windows-x86_64, r-patched-linux-x86_64, r-release-linux-x86_64, r-release-macos-arm64, r-release-macos-x86_64, r-release-windows-x86_64
Version: 0.9.0.2
Check: Rd \usage sections
Result: NOTE
Documented arguments not in \usage in documentation object 'print_info':
‘line’
Functions with \usage entries need to have the appropriate \alias
entries, and all their arguments documented.
The \usage entries must correspond to syntactically valid R code.
See chapter ‘Writing R documentation files’ in the ‘Writing R
Extensions’ manual.
Flavors: r-devel-linux-x86_64-debian-clang, r-devel-linux-x86_64-debian-gcc, r-devel-linux-x86_64-fedora-clang, r-devel-linux-x86_64-fedora-gcc, r-devel-windows-x86_64
Version: 0.9.0.2
Check: installed package size
Result: NOTE
installed size is 5.7Mb
sub-directories of 1Mb or more:
libs 4.9Mb
Flavors: r-release-macos-arm64, r-release-macos-x86_64, r-oldrel-macos-arm64, r-oldrel-macos-x86_64