CRAN Package Check Results for Package simest

Last updated on 2024-03-02 13:50:33 CET.

Flavor Version Tinstall Tcheck Ttotal Status Flags
r-devel-linux-x86_64-debian-clang 0.4 11.64 90.78 102.42 NOTE
r-devel-linux-x86_64-debian-gcc 0.4 9.19 69.05 78.24 NOTE
r-devel-linux-x86_64-fedora-clang 0.4 132.20 NOTE
r-devel-linux-x86_64-fedora-gcc 0.4 138.70 NOTE
r-devel-windows-x86_64 0.4 13.00 85.00 98.00 NOTE
r-patched-linux-x86_64 0.4 14.17 88.03 102.20 NOTE
r-release-linux-x86_64 0.4 12.46 86.73 99.19 NOTE
r-release-macos-arm64 0.4 45.00 NOTE
r-release-macos-x86_64 0.4 69.00 NOTE
r-release-windows-x86_64 0.4 16.00 101.00 117.00 NOTE
r-oldrel-macos-arm64 0.4 52.00 NOTE
r-oldrel-windows-x86_64 0.4 17.00 104.00 121.00 NOTE

Check Details

Version: 0.4
Check: LazyData
Result: NOTE 'LazyData' is specified without a 'data' directory Flavors: r-devel-linux-x86_64-debian-clang, r-devel-linux-x86_64-debian-gcc, r-devel-linux-x86_64-fedora-clang, r-devel-linux-x86_64-fedora-gcc, r-devel-windows-x86_64, r-patched-linux-x86_64, r-release-linux-x86_64, r-release-macos-arm64, r-release-macos-x86_64, r-release-windows-x86_64, r-oldrel-macos-arm64, r-oldrel-windows-x86_64