CRAN Package Check Results for Package simglm

Last updated on 2018-05-26 10:49:40 CEST.

Flavor Version Tinstall Tcheck Ttotal Status Flags
r-devel-linux-x86_64-debian-clang 0.6.0 7.57 275.95 283.52 WARN
r-devel-linux-x86_64-debian-gcc 0.6.0 5.28 194.23 199.51 WARN
r-devel-linux-x86_64-fedora-clang 0.6.0 324.01 OK
r-devel-linux-x86_64-fedora-gcc 0.6.0 315.58 OK
r-devel-windows-ix86+x86_64 0.6.0 14.00 236.00 250.00 OK
r-patched-linux-x86_64 0.6.0 6.39 246.79 253.18 WARN
r-patched-solaris-x86 0.6.0 416.20 OK
r-release-linux-x86_64 0.6.0 5.95 248.57 254.52 WARN
r-release-windows-ix86+x86_64 0.6.0 19.00 331.00 350.00 OK
r-release-osx-x86_64 0.6.0 OK
r-oldrel-windows-ix86+x86_64 0.6.0 13.00 252.00 265.00 OK
r-oldrel-osx-x86_64 0.6.0 OK

Check Details

Version: 0.6.0
Check: re-building of vignette outputs
Result: WARN
    Error in re-building vignettes:
     ...
    Warning in engine$weave(file, quiet = quiet, encoding = enc) :
     The vignette engine knitr::rmarkdown is not available, because the rmarkdown package is not installed. Please install it.
    Warning in engine$weave(file, quiet = quiet, encoding = enc) :
     The vignette engine knitr::rmarkdown is not available, because the rmarkdown package is not installed. Please install it.
    Warning in engine$weave(file, quiet = quiet, encoding = enc) :
     The vignette engine knitr::rmarkdown is not available, because the rmarkdown package is not installed. Please install it.
    Warning in engine$weave(file, quiet = quiet, encoding = enc) :
     The vignette engine knitr::rmarkdown is not available, because the rmarkdown package is not installed. Please install it.
    Warning in engine$weave(file, quiet = quiet, encoding = enc) :
     The vignette engine knitr::rmarkdown is not available, because the rmarkdown package is not installed. Please install it.
    Quitting from lines 189-213 (unbalanced.Rmd)
    Error: processing vignette ‘unbalanced.Rmd’ failed with diagnostics:
    the condition has length > 1
    Execution halted
Flavors: r-devel-linux-x86_64-debian-clang, r-devel-linux-x86_64-debian-gcc, r-patched-linux-x86_64, r-release-linux-x86_64