CRAN Package Check Results for Package simmer

Last updated on 2017-06-25 04:47:41.

Flavor Version Tinstall Tcheck Ttotal Status Flags
r-devel-linux-x86_64-debian-clang 3.6.2 50.65 44.36 95.01 OK
r-devel-linux-x86_64-debian-gcc 3.6.2 55.51 43.13 98.63 OK
r-devel-linux-x86_64-fedora-clang 3.6.2 191.02 NOTE
r-devel-linux-x86_64-fedora-gcc 3.6.2 187.99 NOTE
r-devel-windows-ix86+x86_64 3.6.2 161.00 147.00 308.00 OK
r-patched-linux-x86_64 3.6.2 48.29 45.17 93.46 OK
r-patched-solaris-sparc 3.6.2 870.30 OK
r-patched-solaris-x86 3.6.2 185.30 OK
r-release-linux-x86_64 3.6.2 55.12 45.68 100.79 OK
r-release-windows-ix86+x86_64 3.6.2 180.00 144.00 324.00 OK
r-release-osx-x86_64 3.6.2 NOTE
r-oldrel-windows-ix86+x86_64 3.6.2 223.00 128.00 351.00 OK
r-oldrel-osx-x86_64 3.6.2 NOTE

Additional issues

gcc-UBSAN

Check Details

Version: 3.6.2
Check: installed package size
Result: NOTE
     installed size is 10.9Mb
     sub-directories of 1Mb or more:
     libs 9.8Mb
Flavors: r-devel-linux-x86_64-fedora-clang, r-devel-linux-x86_64-fedora-gcc, r-release-osx-x86_64, r-oldrel-osx-x86_64