CRAN Package Check Results for Package simmer

Last updated on 2017-04-29 23:50:49.

Flavor Version Tinstall Tcheck Ttotal Status Flags
r-devel-linux-x86_64-debian-clang 3.6.1 50.32 44.60 94.91 OK
r-devel-linux-x86_64-debian-gcc 3.6.1 53.76 42.75 96.51 OK
r-devel-linux-x86_64-fedora-clang 3.6.1 193.06 NOTE --no-stop-on-test-error
r-devel-linux-x86_64-fedora-gcc 3.6.1 184.22 NOTE --no-stop-on-test-error
r-devel-windows-ix86+x86_64 3.6.1 232.00 146.00 378.00 OK
r-patched-linux-x86_64 3.6.1 45.77 44.28 90.05 OK
r-patched-solaris-sparc 3.6.1 850.90 OK
r-patched-solaris-x86 3.6.1 179.10 OK
r-release-linux-x86_64 3.6.1 46.39 43.11 89.51 OK
r-release-windows-ix86+x86_64 3.6.1 242.00 140.00 382.00 OK
r-release-osx-x86_64 3.6.1 NOTE
r-oldrel-windows-ix86+x86_64 3.6.1 237.00 118.00 355.00 OK
r-oldrel-osx-x86_64 3.6.1 NOTE

Memtest notes: gcc-UBSAN gcc-UBSAN

Check Details

Version: 3.6.1
Flags: --no-stop-on-test-error
Check: installed package size
Result: NOTE
     installed size is 10.6Mb
     sub-directories of 1Mb or more:
     libs 9.6Mb
Flavors: r-devel-linux-x86_64-fedora-clang, r-devel-linux-x86_64-fedora-gcc

Version: 3.6.1
Check: installed package size
Result: NOTE
     installed size is 9.5Mb
     sub-directories of 1Mb or more:
     libs 8.4Mb
Flavors: r-release-osx-x86_64, r-oldrel-osx-x86_64