CRAN Package Check Results for Package simmer

Last updated on 2017-03-25 21:50:08.

Flavor Version Tinstall Tcheck Ttotal Status Flags
r-devel-linux-x86_64-debian-clang 3.6.0 48.84 48.40 97.24 NOTE
r-devel-linux-x86_64-debian-gcc 3.6.0 53.27 46.10 99.37 NOTE
r-devel-linux-x86_64-fedora-clang 3.6.0 190.51 NOTE --no-stop-on-test-error
r-devel-linux-x86_64-fedora-gcc 3.6.0 188.03 NOTE --no-stop-on-test-error
r-devel-macos-x86_64-clang 3.6.0 130.64 NOTE --no-stop-on-test-error
r-patched-linux-x86_64 3.6.0 46.90 47.69 94.59 NOTE
r-patched-solaris-sparc 3.6.0 939.00 NOTE
r-patched-solaris-x86 3.6.0 202.20 NOTE
r-release-linux-x86_64 3.6.0 47.53 39.81 87.34 OK
r-release-osx-x86_64-mavericks 3.6.0 NOTE
r-release-windows-ix86+x86_64 3.6.0 210.00 138.00 348.00 OK
r-oldrel-windows-ix86+x86_64 3.6.0 198.00 107.00 305.00 NOTE

Memtest notes: gcc-UBSAN gcc-UBSAN

Check Details

Version: 3.6.0
Check: compiled code
Result: NOTE
    File ‘simmer/libs/simmer.so’:
     Found no calls to: ‘R_registerRoutines’, ‘R_useDynamicSymbols’
    
    It is good practice to register native routines and to disable symbol
    search.
    
    See ‘Writing portable packages’ in the ‘Writing R Extensions’ manual.
Flavors: r-devel-linux-x86_64-debian-clang, r-devel-linux-x86_64-debian-gcc, r-patched-linux-x86_64

Version: 3.6.0
Flags: --no-stop-on-test-error
Check: installed package size
Result: NOTE
     installed size is 10.6Mb
     sub-directories of 1Mb or more:
     libs 9.5Mb
Flavors: r-devel-linux-x86_64-fedora-clang, r-devel-linux-x86_64-fedora-gcc

Version: 3.6.0
Flags: --no-stop-on-test-error
Check: dependencies in R code
Result: NOTE
    Namespace in Imports field not imported from: ‘R6’
     All declared Imports should be used.
Flavors: r-devel-linux-x86_64-fedora-clang, r-devel-linux-x86_64-fedora-gcc, r-devel-macos-x86_64-clang

Version: 3.6.0
Flags: --no-stop-on-test-error
Check: compiled code
Result: NOTE
    File ‘simmer/libs/simmer.so’:
     Found no calls to: ‘R_registerRoutines’, ‘R_useDynamicSymbols’
    
    It is good practice to register native routines and to disable symbol
    search.
    
    See ‘Writing portable packages’ in the ‘Writing R Extensions’ manual.
Flavors: r-devel-linux-x86_64-fedora-clang, r-devel-linux-x86_64-fedora-gcc, r-devel-macos-x86_64-clang

Version: 3.6.0
Check: dependencies in R code
Result: NOTE
    Namespace in Imports field not imported from: ‘R6’
     All declared Imports should be used.
Flavors: r-patched-solaris-sparc, r-patched-solaris-x86, r-release-osx-x86_64-mavericks, r-oldrel-windows-ix86+x86_64

Version: 3.6.0
Check: installed package size
Result: NOTE
     installed size is 10.0Mb
     sub-directories of 1Mb or more:
     libs 8.9Mb
Flavor: r-release-osx-x86_64-mavericks