CRAN Package Check Results for Package simmer

Last updated on 2018-10-21 09:47:54 CEST.

Flavor Version Tinstall Tcheck Ttotal Status Flags
r-devel-linux-x86_64-debian-clang 4.0.1 106.15 89.70 195.85 OK
r-devel-linux-x86_64-debian-gcc 4.0.1 102.40 67.91 170.31 OK
r-devel-linux-x86_64-fedora-clang 4.0.1 267.89 NOTE
r-devel-linux-x86_64-fedora-gcc 4.0.1 269.55 OK
r-devel-windows-ix86+x86_64 4.0.1 297.00 163.00 460.00 NOTE
r-patched-linux-x86_64 4.0.1 125.70 84.04 209.74 OK
r-patched-solaris-x86 4.0.1 247.70 OK
r-release-linux-x86_64 4.0.1 116.92 66.96 183.88 NOTE
r-release-windows-ix86+x86_64 4.0.1 244.00 166.00 410.00 NOTE
r-release-osx-x86_64 4.0.1 NOTE
r-oldrel-windows-ix86+x86_64 4.0.1 235.00 197.00 432.00 NOTE
r-oldrel-osx-x86_64 4.0.1 NOTE

Check Details

Version: 4.0.1
Check: installed package size
Result: NOTE
     installed size is 15.5Mb
     sub-directories of 1Mb or more:
     doc 2.1Mb
     libs 12.8Mb
Flavors: r-devel-linux-x86_64-fedora-clang, r-devel-windows-ix86+x86_64, r-release-windows-ix86+x86_64, r-release-osx-x86_64, r-oldrel-windows-ix86+x86_64, r-oldrel-osx-x86_64

Version: 4.0.1
Check: package dependencies
Result: NOTE
    Package suggested but not available for checking: ‘simmer.plot’
Flavor: r-release-linux-x86_64