CRAN Package Check Results for Package simmr

Last updated on 2021-06-18 14:52:08 CEST.

Flavor Version Tinstall Tcheck Ttotal Status Flags
r-devel-linux-x86_64-debian-clang 0.4.5 6.57 381.54 388.11 OK
r-devel-linux-x86_64-debian-gcc 0.4.5 6.90 275.58 282.48 OK
r-devel-linux-x86_64-fedora-clang 0.4.5 463.47 OK
r-devel-linux-x86_64-fedora-gcc 0.4.5 386.27 OK
r-devel-windows-x86_64 0.4.5 14.00 476.00 490.00 OK
r-devel-windows-x86_64-gcc10-UCRT 0.4.5 OK
r-patched-linux-x86_64 0.4.5 8.07 358.47 366.54 OK
r-patched-solaris-x86 0.4.5 1105.90 OK
r-release-linux-x86_64 0.4.5 7.09 362.16 369.25 OK
r-release-macos-arm64 0.4.5 ERROR
r-release-macos-x86_64 0.4.5 OK
r-release-windows-ix86+x86_64 0.4.5 19.00 489.00 508.00 OK
r-oldrel-macos-x86_64 0.4.5 OK
r-oldrel-windows-ix86+x86_64 0.4.5 14.00 494.00 508.00 OK

Check Details

Version: 0.4.5
Check: package dependencies
Result: ERROR
    Package required but not available: ‘R2jags’
    
    See section ‘The DESCRIPTION file’ in the ‘Writing R Extensions’
    manual.
Flavor: r-release-macos-arm64