CRAN Package Check Results for Package simsalapar

Last updated on 2021-05-16 21:47:55 CEST.

Flavor Version Tinstall Tcheck Ttotal Status Flags
r-devel-linux-x86_64-debian-clang 1.0-10 6.05 42.91 48.96 NOTE --no-tests
r-devel-linux-x86_64-debian-gcc 1.0-10 5.09 33.32 38.41 NOTE --no-tests
r-devel-linux-x86_64-fedora-clang 1.0-10 118.86 NOTE
r-devel-linux-x86_64-fedora-gcc 1.0-10 106.13 NOTE
r-devel-windows-ix86+x86_64 1.0-10 14.00 104.00 118.00 OK
r-devel-windows-x86_64-gcc10-UCRT 1.0-10 OK
r-patched-linux-x86_64 1.0-10 8.26 41.25 49.51 NOTE --no-tests
r-patched-solaris-x86 1.0-10 304.50 NOTE
r-release-linux-x86_64 1.0-10 5.58 40.42 46.00 NOTE --no-tests
r-release-macos-x86_64 1.0-10 NOTE
r-release-windows-ix86+x86_64 1.0-10 11.00 102.00 113.00 OK
r-oldrel-macos-x86_64 1.0-10 NOTE
r-oldrel-windows-ix86+x86_64 1.0-10 7.00 124.00 131.00 OK

Check Details

Version: 1.0-10
Flags: --no-tests
Check: for non-standard things in the check directory
Result: NOTE
    Found the following files/directories:
     'crop_device.pdf'
Flavors: r-devel-linux-x86_64-debian-clang, r-devel-linux-x86_64-debian-gcc, r-patched-linux-x86_64, r-release-linux-x86_64

Version: 1.0-10
Check: for non-standard things in the check directory
Result: NOTE
    Found the following files/directories:
     ‘crop_device.pdf’
Flavors: r-devel-linux-x86_64-fedora-clang, r-devel-linux-x86_64-fedora-gcc, r-patched-solaris-x86

Version: 1.0-10
Check: package dependencies
Result: NOTE
    Package suggested but not available for checking: ‘Rmpi’
Flavors: r-release-macos-x86_64, r-oldrel-macos-x86_64

Version: 1.0-10
Check: Rd cross-references
Result: NOTE
    Package unavailable to check Rd xrefs: ‘Rmpi’
Flavors: r-release-macos-x86_64, r-oldrel-macos-x86_64