CRAN Package Check Results for Package simsem

Last updated on 2018-01-21 06:47:22 CET.

Flavor Version Tinstall Tcheck Ttotal Status Flags
r-devel-linux-x86_64-debian-clang 0.5-13 2.92 142.11 145.03 OK
r-devel-linux-x86_64-debian-gcc 0.5-13 2.50 103.79 106.29 OK
r-devel-linux-x86_64-fedora-clang 0.5-13 160.19 OK
r-devel-linux-x86_64-fedora-gcc 0.5-13 152.00 OK
r-devel-windows-ix86+x86_64 0.5-13 6.00 135.00 141.00 OK
r-patched-linux-x86_64 0.5-13 2.57 138.48 141.05 OK
r-patched-solaris-x86 0.5-13 178.40 NOTE
r-release-linux-x86_64 0.5-13 2.89 136.04 138.93 OK
r-release-windows-ix86+x86_64 0.5-13 9.00 135.00 144.00 OK
r-release-osx-x86_64 0.5-13 NOTE
r-oldrel-windows-ix86+x86_64 0.5-13 11.00 141.00 152.00 OK
r-oldrel-osx-x86_64 0.5-13 OK

Check Details

Version: 0.5-13
Check: package dependencies
Result: NOTE
    Package suggested but not available for checking: ‘OpenMx’
Flavor: r-patched-solaris-x86

Version: 0.5-13
Check: package dependencies
Result: NOTE
    Package suggested but not available for checking: ‘copula’
Flavor: r-release-osx-x86_64

Version: 0.5-13
Check: Rd cross-references
Result: NOTE
    Package unavailable to check Rd xrefs: ‘copula’
Flavor: r-release-osx-x86_64