CRAN Package Check Results for Package simsem

Last updated on 2018-04-27 04:51:05 CEST.

Flavor Version Tinstall Tcheck Ttotal Status Flags
r-devel-linux-x86_64-debian-clang 0.5-13 12.97 91.31 104.28 OK
r-devel-linux-x86_64-debian-gcc 0.5-13 14.82 80.73 95.55 OK
r-devel-linux-x86_64-fedora-clang 0.5-13 146.13 OK
r-devel-linux-x86_64-fedora-gcc 0.5-13 142.06 OK
r-devel-windows-ix86+x86_64 0.5-13 32.00 147.00 179.00 OK
r-patched-linux-x86_64 0.5-13 11.20 105.45 116.65 OK
r-patched-solaris-x86 0.5-13 183.00 OK
r-release-linux-x86_64 0.5-13 16.61 104.44 121.05 OK
r-release-windows-ix86+x86_64 0.5-13 32.00 147.00 179.00 OK
r-release-osx-x86_64 0.5-13 OK
r-oldrel-windows-ix86+x86_64 0.5-13 6.00 177.00 183.00 OK
r-oldrel-osx-x86_64 0.5-13 NOTE

Check Details

Version: 0.5-13
Check: package dependencies
Result: NOTE
    Package suggested but not available for checking: ‘copula’
Flavor: r-oldrel-osx-x86_64

Version: 0.5-13
Check: Rd cross-references
Result: NOTE
    Package unavailable to check Rd xrefs: ‘copula’
Flavor: r-oldrel-osx-x86_64