Last updated on 2021-03-07 21:49:00 CET.
Flavor | Version | Tinstall | Tcheck | Ttotal | Status | Flags |
---|---|---|---|---|---|---|
r-devel-linux-x86_64-debian-clang | 0.2.0 | 7.75 | 103.92 | 111.67 | OK | --no-vignettes |
r-devel-linux-x86_64-debian-gcc | 0.2.0 | 5.96 | 86.32 | 92.28 | OK | --no-vignettes |
r-devel-linux-x86_64-fedora-clang | 0.2.0 | 582.27 | OK | |||
r-devel-linux-x86_64-fedora-gcc | 0.2.0 | 638.89 | OK | |||
r-devel-windows-ix86+x86_64 | 0.2.0 | 13.00 | 132.00 | 145.00 | OK | --no-vignettes |
r-devel-windows-x86_64-gcc10-UCRT | 0.2.0 | OK | ||||
r-patched-linux-x86_64 | 0.2.0 | 7.26 | 99.79 | 107.05 | OK | --no-vignettes |
r-patched-solaris-x86 | 0.2.0 | 2375.80 | OK | |||
r-release-linux-x86_64 | 0.2.0 | 7.85 | 100.34 | 108.19 | OK | --no-vignettes |
r-release-macos-x86_64 | 0.2.0 | OK | ||||
r-release-windows-ix86+x86_64 | 0.2.0 | 11.00 | 142.00 | 153.00 | OK | --no-vignettes |
r-oldrel-macos-x86_64 | 0.2.0 | FAIL | ||||
r-oldrel-windows-ix86+x86_64 | 0.2.0 | 13.00 | 93.00 | 106.00 | OK | --no-vignettes |
Version: 0.2.0
Check: re-building of vignette outputs
Result: FAIL
Flavor: r-oldrel-macos-x86_64