CRAN Package Check Results for Package sinew

Last updated on 2021-04-15 03:49:39 CEST.

Flavor Version Tinstall Tcheck Ttotal Status Flags
r-devel-linux-x86_64-debian-clang 0.3.8 8.30 51.63 59.93 NOTE
r-devel-linux-x86_64-debian-gcc 0.3.8 5.91 39.49 45.40 NOTE
r-devel-linux-x86_64-fedora-clang 0.3.8 82.55 NOTE
r-devel-linux-x86_64-fedora-gcc 0.3.8 77.53 NOTE
r-devel-windows-ix86+x86_64 0.3.8 16.00 75.00 91.00 NOTE
r-devel-windows-x86_64-gcc10-UCRT 0.3.8 NOTE
r-patched-linux-x86_64 0.3.8 7.85 48.91 56.76 OK
r-patched-solaris-x86 0.3.8 105.50 OK
r-release-linux-x86_64 0.3.8 7.01 48.19 55.20 OK
r-release-macos-x86_64 0.3.8 OK
r-release-windows-ix86+x86_64 0.3.8 25.00 76.00 101.00 OK
r-oldrel-macos-x86_64 0.3.8 OK
r-oldrel-windows-ix86+x86_64 0.3.8 11.00 49.00 60.00 OK

Check Details

Version: 0.3.8
Check: LazyData
Result: NOTE
     'LazyData' is specified without a 'data' directory
Flavors: r-devel-linux-x86_64-debian-clang, r-devel-linux-x86_64-debian-gcc, r-devel-linux-x86_64-fedora-clang, r-devel-linux-x86_64-fedora-gcc, r-devel-windows-ix86+x86_64, r-devel-windows-x86_64-gcc10-UCRT