CRAN Package Check Results for Package siqr

Last updated on 2022-12-10 08:53:45 CET.

Flavor Version Tinstall Tcheck Ttotal Status Flags
r-devel-linux-x86_64-debian-clang 0.8.1 2.50 30.28 32.78 NOTE
r-devel-linux-x86_64-debian-gcc 0.8.1 1.88 23.51 25.39 NOTE
r-devel-linux-x86_64-fedora-clang 0.8.1 51.88 NOTE
r-devel-linux-x86_64-fedora-gcc 0.8.1 48.77 NOTE
r-devel-windows-x86_64 0.8.1 8.00 56.00 64.00 NOTE
r-patched-linux-x86_64 0.8.1 1.65 27.63 29.28 OK
r-release-linux-x86_64 0.8.1 2.19 28.98 31.17 OK
r-release-macos-arm64 0.8.1 18.00 OK
r-release-macos-x86_64 0.8.1 23.00 OK
r-release-windows-x86_64 0.8.1 9.00 56.00 65.00 OK
r-oldrel-macos-arm64 0.8.1 18.00 OK
r-oldrel-macos-x86_64 0.8.1 26.00 OK
r-oldrel-windows-ix86+x86_64 0.8.1 8.00 51.00 59.00 OK

Check Details

Version: 0.8.1
Check: package subdirectories
Result: NOTE
    Problems with news in 'NEWS.md':
    No news entries found.
Flavors: r-devel-linux-x86_64-debian-clang, r-devel-linux-x86_64-debian-gcc, r-devel-linux-x86_64-fedora-clang, r-devel-linux-x86_64-fedora-gcc, r-devel-windows-x86_64