CRAN Package Check Results for Package sirt

Last updated on 2018-02-21 07:47:53 CET.

Flavor Version Tinstall Tcheck Ttotal Status Flags
r-devel-linux-x86_64-debian-clang 2.4-20 157.97 282.51 440.48 OK
r-devel-linux-x86_64-debian-gcc 2.4-20 138.77 210.59 349.36 OK
r-devel-linux-x86_64-fedora-clang 2.4-20 600.73 NOTE
r-devel-linux-x86_64-fedora-gcc 2.4-20 553.51 NOTE
r-devel-windows-ix86+x86_64 2.4-20 254.00 321.00 575.00 NOTE
r-patched-linux-x86_64 2.4-20 131.04 332.59 463.63 OK
r-patched-solaris-x86 2.4-20 593.50 OK
r-release-linux-x86_64 2.4-20 128.54 320.32 448.86 OK
r-release-windows-ix86+x86_64 2.4-20 348.00 468.00 816.00 OK
r-release-osx-x86_64 2.4-20 NOTE
r-oldrel-windows-ix86+x86_64 2.4-20 342.00 438.00 780.00 OK
r-oldrel-osx-x86_64 2.3-57 NOTE

Additional issues

clang-UBSAN

Check Details

Version: 2.4-20
Check: installed package size
Result: NOTE
     installed size is 8.0Mb
     sub-directories of 1Mb or more:
     R 1.7Mb
     libs 4.4Mb
Flavors: r-devel-linux-x86_64-fedora-clang, r-devel-linux-x86_64-fedora-gcc, r-devel-windows-ix86+x86_64, r-release-osx-x86_64

Version: 2.3-57
Check: installed package size
Result: NOTE
     installed size is 5.8Mb
     sub-directories of 1Mb or more:
     libs 3.4Mb
Flavor: r-oldrel-osx-x86_64