CRAN Package Check Results for Package sirt

Last updated on 2018-05-26 00:46:58 CEST.

Flavor Version Tinstall Tcheck Ttotal Status Flags
r-devel-linux-x86_64-debian-clang 2.6-9 164.22 302.14 466.36 OK
r-devel-linux-x86_64-debian-gcc 2.6-9 152.85 221.88 374.73 OK
r-devel-linux-x86_64-fedora-clang 2.6-9 597.51 NOTE
r-devel-linux-x86_64-fedora-gcc 2.6-9 574.50 NOTE
r-devel-windows-ix86+x86_64 2.6-9 285.00 314.00 599.00 NOTE
r-patched-linux-x86_64 2.6-9 175.77 279.60 455.37 OK
r-patched-solaris-x86 2.6-9 624.40 OK
r-release-linux-x86_64 2.6-9 174.35 278.81 453.16 OK
r-release-windows-ix86+x86_64 2.6-9 394.00 449.00 843.00 NOTE
r-release-osx-x86_64 2.6-9 NOTE
r-oldrel-windows-ix86+x86_64 2.6-9 353.00 470.00 823.00 OK
r-oldrel-osx-x86_64 2.6-9 NOTE

Check Details

Version: 2.6-9
Check: installed package size
Result: NOTE
     installed size is 8.4Mb
     sub-directories of 1Mb or more:
     R 1.7Mb
     libs 4.8Mb
Flavors: r-devel-linux-x86_64-fedora-clang, r-devel-linux-x86_64-fedora-gcc, r-devel-windows-ix86+x86_64, r-release-windows-ix86+x86_64, r-release-osx-x86_64, r-oldrel-osx-x86_64