CRAN Package Check Results for Package sirt

Last updated on 2018-11-15 14:47:31 CET.

Flavor Version Tinstall Tcheck Ttotal Status Flags
r-devel-linux-x86_64-debian-clang 2.7-50 179.90 299.52 479.42 OK
r-devel-linux-x86_64-debian-gcc 2.7-50 163.03 226.68 389.71 OK
r-devel-linux-x86_64-fedora-clang 2.7-50 636.66 NOTE
r-devel-linux-x86_64-fedora-gcc 2.7-50 620.46 OK
r-devel-windows-ix86+x86_64 2.7-50 316.00 472.00 788.00 NOTE
r-patched-linux-x86_64 2.7-50 208.62 280.27 488.89 OK
r-patched-solaris-x86 2.7-50 683.30 OK
r-release-linux-x86_64 2.7-50 212.35 282.37 494.72 OK
r-release-windows-ix86+x86_64 2.7-50 429.00 356.00 785.00 NOTE
r-release-osx-x86_64 2.7-50 NOTE
r-oldrel-windows-ix86+x86_64 2.7-50 371.00 498.00 869.00 OK
r-oldrel-osx-x86_64 2.7-50 NOTE

Check Details

Version: 2.7-50
Check: installed package size
Result: NOTE
     installed size is 9.2Mb
     sub-directories of 1Mb or more:
     R 1.7Mb
     libs 5.5Mb
Flavors: r-devel-linux-x86_64-fedora-clang, r-devel-windows-ix86+x86_64, r-release-windows-ix86+x86_64, r-release-osx-x86_64, r-oldrel-osx-x86_64