CRAN Package Check Results for Package sirt

Last updated on 2019-02-19 22:51:48 CET.

Flavor Version Tinstall Tcheck Ttotal Status Flags
r-devel-linux-x86_64-debian-clang 3.2-39 212.59 324.30 536.89 OK
r-devel-linux-x86_64-debian-gcc 3.2-39 176.35 240.49 416.84 OK
r-devel-linux-x86_64-fedora-clang 3.2-39 736.36 NOTE
r-devel-linux-x86_64-fedora-gcc 3.2-39 696.03 OK
r-devel-windows-ix86+x86_64 3.2-39 480.00 484.00 964.00 NOTE
r-patched-linux-x86_64 3.2-39 200.16 290.08 490.24 OK
r-patched-solaris-x86 3.2-39 695.70 OK
r-release-linux-x86_64 3.2-39 217.22 285.36 502.58 OK
r-release-windows-ix86+x86_64 3.2-39 388.00 463.00 851.00 NOTE
r-release-osx-x86_64 3.2-39 NOTE
r-oldrel-windows-ix86+x86_64 3.2-39 350.00 386.00 736.00 OK
r-oldrel-osx-x86_64 3.2-39 NOTE

Check Details

Version: 3.2-39
Check: installed package size
Result: NOTE
     installed size is 9.7Mb
     sub-directories of 1Mb or more:
     R 1.8Mb
     libs 6.0Mb
Flavors: r-devel-linux-x86_64-fedora-clang, r-devel-windows-ix86+x86_64, r-release-windows-ix86+x86_64, r-release-osx-x86_64, r-oldrel-osx-x86_64