CRAN Package Check Results for Package sirt

Last updated on 2020-01-27 02:47:34 CET.

Flavor Version Tinstall Tcheck Ttotal Status Flags
r-devel-linux-x86_64-debian-clang 3.7-40 267.71 310.13 577.84 OK
r-devel-linux-x86_64-debian-gcc 3.7-40 193.09 201.48 394.57 ERROR
r-devel-linux-x86_64-fedora-clang 3.7-40 757.47 NOTE
r-devel-linux-x86_64-fedora-gcc 3.7-40 735.35 OK
r-devel-windows-ix86+x86_64 3.7-40 630.00 536.00 1166.00 NOTE
r-devel-windows-ix86+x86_64-gcc8 3.7-40 685.00 577.00 1262.00 NOTE
r-patched-linux-x86_64 3.7-40 220.12 278.34 498.46 OK
r-patched-solaris-x86 3.7-40 686.40 OK
r-release-linux-x86_64 3.7-40 211.81 279.36 491.17 OK
r-release-windows-ix86+x86_64 3.7-40 442.00 367.00 809.00 NOTE
r-release-osx-x86_64 3.7-40 NOTE
r-oldrel-windows-ix86+x86_64 3.7-40 363.00 356.00 719.00 NOTE
r-oldrel-osx-x86_64 3.7-40 NOTE

Check Details

Version: 3.7-40
Check: package dependencies
Result: NOTE
    Package suggested but not available for checking: ‘sfsmisc’
Flavor: r-devel-linux-x86_64-debian-gcc

Version: 3.7-40
Check: examples
Result: ERROR
    Running examples in ‘sirt-Ex.R’ failed
    The error most likely occurred in:
    
    > base::assign(".ptime", proc.time(), pos = "CheckExEnv")
    > ### Name: f1d.irt
    > ### Title: Functional Unidimensional Item Response Model
    > ### Aliases: f1d.irt
    >
    > ### ** Examples
    >
    > #############################################################################
    > # EXAMPLE 1: Dataset Mathematics data.math | Exploratory multidimensional model
    > #############################################################################
    > data(data.math)
    > dat <- ( data.math$data )[, -c(1,2) ] # select Mathematics items
    >
    > #****
    > # Model 1: Functional unidimensional model based on original data
    >
    > #++ (1) estimate model with 3 factors
    > mod1 <- sirt::f1d.irt( dat=dat, nfactors=3)
    *** Estimate tetrachoric correlation
    Error: Package 'sfsmisc' is needed for applying this
     function. Please install it.
    Execution halted
Flavor: r-devel-linux-x86_64-debian-gcc

Version: 3.7-40
Check: installed package size
Result: NOTE
     installed size is 11.2Mb
     sub-directories of 1Mb or more:
     R 1.9Mb
     libs 7.3Mb
Flavors: r-devel-linux-x86_64-fedora-clang, r-devel-windows-ix86+x86_64, r-devel-windows-ix86+x86_64-gcc8, r-release-windows-ix86+x86_64, r-release-osx-x86_64, r-oldrel-windows-ix86+x86_64, r-oldrel-osx-x86_64

Version: 3.7-40
Check: dependencies in R code
Result: NOTE
    No protocol specified
    No protocol specified
Flavor: r-release-osx-x86_64