Last updated on 2022-05-26 20:49:15 CEST.
Flavor | Version | Tinstall | Tcheck | Ttotal | Status | Flags |
---|---|---|---|---|---|---|
r-devel-linux-x86_64-debian-clang | 0.48 | 20.07 | 152.36 | 172.43 | OK | |
r-devel-linux-x86_64-debian-gcc | 0.48 | 14.68 | 127.58 | 142.26 | OK | |
r-devel-linux-x86_64-fedora-clang | 0.48 | 198.62 | OK | |||
r-devel-linux-x86_64-fedora-gcc | 0.48 | 186.64 | OK | |||
r-devel-windows-x86_64 | 0.48 | 24.00 | 164.00 | 188.00 | OK | |
r-patched-linux-x86_64 | 0.48 | 19.24 | 141.64 | 160.88 | OK | |
r-release-linux-x86_64 | 0.48 | 14.18 | 144.36 | 158.54 | OK | |
r-release-macos-arm64 | 0.48 | 58.00 | NOTE | |||
r-release-macos-x86_64 | 0.48 | 72.00 | OK | |||
r-release-windows-x86_64 | 0.48 | 30.00 | 164.00 | 194.00 | OK | |
r-oldrel-macos-arm64 | 0.48 | 60.00 | OK | |||
r-oldrel-macos-x86_64 | 0.48 | 110.00 | OK | |||
r-oldrel-windows-ix86+x86_64 | 0.48 | 32.00 | 162.00 | 194.00 | OK |
Version: 0.48
Check: package dependencies
Result: NOTE
Packages suggested but not available for checking: 'graph', 'Rgraphviz'
Flavor: r-release-macos-arm64
Version: 0.48
Check: Rd cross-references
Result: NOTE
Packages unavailable to check Rd xrefs: ‘Rgraphviz’, ‘graph’
Flavor: r-release-macos-arm64