CRAN Package Check Results for Package sivs

Last updated on 2021-05-16 21:47:55 CEST.

Flavor Version Tinstall Tcheck Ttotal Status Flags
r-devel-linux-x86_64-debian-clang 0.2.4 7.60 122.06 129.66 NOTE
r-devel-linux-x86_64-debian-gcc 0.2.4 7.17 92.53 99.70 NOTE
r-devel-linux-x86_64-fedora-clang 0.2.4 169.45 NOTE
r-devel-linux-x86_64-fedora-gcc 0.2.4 152.03 NOTE
r-devel-windows-ix86+x86_64 0.2.4 19.00 107.00 126.00 NOTE
r-devel-windows-x86_64-gcc10-UCRT 0.2.4 NOTE
r-patched-linux-x86_64 0.2.4 8.81 116.15 124.96 NOTE
r-patched-solaris-x86 0.2.4 227.30 NOTE
r-release-linux-x86_64 0.2.4 7.43 113.10 120.53 OK
r-release-macos-x86_64 0.2.4 OK
r-release-windows-ix86+x86_64 0.2.4 13.00 112.00 125.00 OK
r-oldrel-macos-x86_64 0.2.4 OK
r-oldrel-windows-ix86+x86_64 0.2.4 11.00 143.00 154.00 OK

Check Details

Version: 0.2.4
Check: LazyData
Result: NOTE
     'LazyData' is specified without a 'data' directory
Flavors: r-devel-linux-x86_64-debian-clang, r-devel-linux-x86_64-debian-gcc, r-devel-linux-x86_64-fedora-clang, r-devel-linux-x86_64-fedora-gcc, r-devel-windows-ix86+x86_64, r-devel-windows-x86_64-gcc10-UCRT, r-patched-linux-x86_64, r-patched-solaris-x86