CRAN Package Check Results for Package skeleSim

Last updated on 2018-02-22 11:58:19 CET.

Flavor Version Tinstall Tcheck Ttotal Status Flags
r-devel-linux-x86_64-debian-clang 0.9.8 10.50 115.37 125.87 OK
r-devel-linux-x86_64-debian-gcc 0.9.8 10.25 99.54 109.79 OK
r-devel-linux-x86_64-fedora-clang 0.9.8 178.88 OK
r-devel-linux-x86_64-fedora-gcc 0.9.8 165.08 OK
r-devel-windows-ix86+x86_64 0.9.8 25.00 146.00 171.00 OK
r-patched-linux-x86_64 0.9.8 9.27 134.31 143.58 OK
r-patched-solaris-x86 0.9.8 301.50 OK
r-release-linux-x86_64 0.9.8 10.14 131.62 141.76 OK
r-release-windows-ix86+x86_64 0.9.8 54.00 198.00 252.00 OK
r-release-osx-x86_64 0.9.8 OK
r-oldrel-windows-ix86+x86_64 0.9.5 38.00 196.00 234.00 OK
r-oldrel-osx-x86_64 0.9.8 ERROR

Check Details

Version: 0.9.8
Check: whether package can be installed
Result: ERROR
    Installation failed.
Flavor: r-oldrel-osx-x86_64