Last updated on 2022-05-23 02:53:49 CEST.
Flavor | Version | Tinstall | Tcheck | Ttotal | Status | Flags |
---|---|---|---|---|---|---|
r-devel-linux-x86_64-debian-clang | 0.1.5.4 | 73.64 | 459.44 | 533.08 | NOTE | |
r-devel-linux-x86_64-debian-gcc | 0.1.5.4 | 65.22 | 341.65 | 406.87 | NOTE | |
r-devel-linux-x86_64-fedora-clang | 0.1.5.4 | 693.20 | NOTE | |||
r-devel-linux-x86_64-fedora-gcc | 0.1.5.4 | 682.15 | NOTE | |||
r-devel-windows-x86_64 | 0.1.5.4 | 74.00 | 87.00 | 161.00 | NOTE | --no-vignettes |
r-patched-linux-x86_64 | 0.1.5.4 | 79.42 | 459.47 | 538.89 | NOTE | |
r-release-linux-x86_64 | 0.1.5.4 | 66.12 | 469.32 | 535.44 | NOTE | |
r-release-macos-arm64 | 0.1.5.4 | 305.00 | NOTE | |||
r-release-macos-x86_64 | 0.1.5.4 | 384.00 | NOTE | |||
r-release-windows-x86_64 | 0.1.5.4 | 70.00 | 89.00 | 159.00 | NOTE | --no-vignettes |
r-oldrel-macos-arm64 | 0.1.5.4 | 356.00 | NOTE | |||
r-oldrel-macos-x86_64 | 0.1.5.4 | 701.00 | NOTE | |||
r-oldrel-windows-ix86+x86_64 | 0.1.5.4 | 208.00 | 93.00 | 301.00 | NOTE | --no-vignettes |
Version: 0.1.5.4
Check: for GNU extensions in Makefiles
Result: NOTE
GNU make is a SystemRequirements.
Flavors: r-devel-linux-x86_64-debian-clang, r-devel-linux-x86_64-debian-gcc, r-devel-linux-x86_64-fedora-clang, r-devel-linux-x86_64-fedora-gcc, r-patched-linux-x86_64, r-release-linux-x86_64, r-release-macos-arm64, r-release-macos-x86_64, r-oldrel-macos-arm64, r-oldrel-macos-x86_64
Version: 0.1.5.4
Check: installed package size
Result: NOTE
installed size is 5.5Mb
sub-directories of 1Mb or more:
doc 1.1Mb
libs 3.3Mb
Flavors: r-devel-linux-x86_64-fedora-clang, r-release-macos-arm64, r-release-macos-x86_64, r-oldrel-macos-arm64, r-oldrel-macos-x86_64
Version: 0.1.5.4
Check: compiled code
Result: NOTE
File ‘skm/libs/skm.so’:
Found no calls to: ‘R_registerRoutines’, ‘R_useDynamicSymbols’
It is good practice to register native routines and to disable symbol
search.
See ‘Writing portable packages’ in the ‘Writing R Extensions’ manual.
Flavors: r-devel-linux-x86_64-fedora-clang, r-devel-linux-x86_64-fedora-gcc
Version: 0.1.5.4
Flags: --no-vignettes
Check: for GNU extensions in Makefiles
Result: NOTE
GNU make is a SystemRequirements.
Flavors: r-devel-windows-x86_64, r-release-windows-x86_64, r-oldrel-windows-ix86+x86_64