CRAN Package Check Results for Package skpr

Last updated on 2018-10-16 09:49:18 CEST.

Flavor Version Tinstall Tcheck Ttotal Status Flags
r-devel-linux-x86_64-debian-clang 0.56.1 241.35 151.11 392.46 OK
r-devel-linux-x86_64-debian-gcc 0.56.1 237.07 124.42 361.49 OK
r-devel-linux-x86_64-fedora-clang 0.56.1 578.11 NOTE
r-devel-linux-x86_64-fedora-gcc 0.56.1 558.57 OK
r-devel-windows-ix86+x86_64 0.56.1 478.00 269.00 747.00 OK
r-patched-linux-x86_64 0.56.1 275.04 151.92 426.96 OK
r-patched-solaris-x86 0.56.1 491.20 OK
r-release-linux-x86_64 0.56.1 294.74 154.00 448.74 OK
r-release-windows-ix86+x86_64 0.56.1 466.00 344.00 810.00 OK
r-release-osx-x86_64 0.56.1 NOTE
r-oldrel-windows-ix86+x86_64 0.56.1 489.00 299.00 788.00 OK
r-oldrel-osx-x86_64 0.56.1 NOTE

Check Details

Version: 0.56.1
Check: installed package size
Result: NOTE
     installed size is 47.6Mb
     sub-directories of 1Mb or more:
     libs 46.1Mb
Flavors: r-devel-linux-x86_64-fedora-clang, r-release-osx-x86_64, r-oldrel-osx-x86_64