CRAN Package Check Results for Package skpr

Last updated on 2018-05-25 13:48:19 CEST.

Flavor Version Tinstall Tcheck Ttotal Status Flags
r-devel-linux-x86_64-debian-clang 0.49.0 231.70 155.72 387.42 OK
r-devel-linux-x86_64-debian-gcc 0.49.0 193.71 130.59 324.30 OK
r-devel-linux-x86_64-fedora-clang 0.49.0 531.10 NOTE
r-devel-linux-x86_64-fedora-gcc 0.49.0 506.60 NOTE
r-devel-windows-ix86+x86_64 0.49.0 337.00 357.00 694.00 OK
r-patched-linux-x86_64 0.49.0 220.94 149.65 370.59 OK
r-patched-solaris-x86 0.49.0 651.20 OK
r-release-linux-x86_64 0.49.0 216.69 148.54 365.23 OK
r-release-windows-ix86+x86_64 0.49.0 449.00 501.00 950.00 OK
r-release-osx-x86_64 0.49.0 NOTE
r-oldrel-windows-ix86+x86_64 0.49.0 428.00 486.00 914.00 OK
r-oldrel-osx-x86_64 0.47.5 OK

Additional issues

clang-ASAN gcc-ASAN valgrind

Check Details

Version: 0.49.0
Check: installed package size
Result: NOTE
     installed size is 43.1Mb
     sub-directories of 1Mb or more:
     libs 41.8Mb
Flavors: r-devel-linux-x86_64-fedora-clang, r-devel-linux-x86_64-fedora-gcc, r-release-osx-x86_64