CRAN Package Check Results for Package skpr

Last updated on 2019-01-22 05:49:29 CET.

Flavor Version Tinstall Tcheck Ttotal Status Flags
r-devel-linux-x86_64-debian-clang 0.57.0 238.64 156.94 395.58 OK
r-devel-linux-x86_64-debian-gcc 0.57.0 237.41 127.97 365.38 OK
r-devel-linux-x86_64-fedora-clang 0.57.0 575.83 NOTE
r-devel-linux-x86_64-fedora-gcc 0.57.0 548.92 OK
r-devel-windows-ix86+x86_64 0.57.0 470.00 322.00 792.00 OK
r-patched-linux-x86_64 0.57.0 287.81 154.27 442.08 OK
r-patched-solaris-x86 0.57.0 457.50 OK
r-release-linux-x86_64 0.57.0 283.35 157.30 440.65 OK
r-release-windows-ix86+x86_64 0.57.0 468.00 345.00 813.00 OK
r-release-osx-x86_64 0.57.0 NOTE
r-oldrel-windows-ix86+x86_64 0.57.0 464.00 392.00 856.00 OK
r-oldrel-osx-x86_64 0.57.0 NOTE

Check Details

Version: 0.57.0
Check: installed package size
Result: NOTE
     installed size is 49.5Mb
     sub-directories of 1Mb or more:
     libs 48.0Mb
Flavors: r-devel-linux-x86_64-fedora-clang, r-release-osx-x86_64, r-oldrel-osx-x86_64