CRAN Package Check Results for Package skpr

Last updated on 2018-08-16 22:50:48 CEST.

Flavor Version Tinstall Tcheck Ttotal Status Flags
r-devel-linux-x86_64-debian-clang 0.54.3 230.20 147.60 377.80 OK
r-devel-linux-x86_64-debian-gcc 0.54.3 242.52 123.63 366.15 OK
r-devel-linux-x86_64-fedora-clang 0.54.3 530.53 NOTE
r-devel-linux-x86_64-fedora-gcc 0.54.3 564.78 OK
r-devel-windows-ix86+x86_64 0.54.3 482.00 368.00 850.00 OK
r-patched-linux-x86_64 0.54.3 283.26 151.78 435.04 OK
r-patched-solaris-x86 0.54.3 499.10 OK
r-release-linux-x86_64 0.54.3 285.96 154.09 440.05 OK
r-release-windows-ix86+x86_64 0.54.3 355.00 362.00 717.00 OK
r-release-osx-x86_64 0.54.3 NOTE
r-oldrel-windows-ix86+x86_64 0.54.3 468.00 374.00 842.00 OK
r-oldrel-osx-x86_64 0.54.3 NOTE

Check Details

Version: 0.54.3
Check: installed package size
Result: NOTE
     installed size is 46.3Mb
     sub-directories of 1Mb or more:
     libs 44.9Mb
Flavors: r-devel-linux-x86_64-fedora-clang, r-release-osx-x86_64, r-oldrel-osx-x86_64