CRAN Package Check Results for Package skpr

Last updated on 2024-02-28 05:59:19 CET.

Flavor Version Tinstall Tcheck Ttotal Status Flags
r-devel-linux-x86_64-debian-clang 1.6.2 206.11 109.37 315.48 OK
r-devel-linux-x86_64-debian-gcc 1.6.2 170.78 87.52 258.30 OK
r-devel-linux-x86_64-fedora-clang 1.6.2 407.45 OK
r-devel-linux-x86_64-fedora-gcc 1.6.2 476.49 OK
r-devel-windows-x86_64 1.6.2 149.00 132.00 281.00 OK
r-patched-linux-x86_64 1.6.2 199.47 120.06 319.53 OK
r-release-linux-x86_64 1.6.2 213.37 112.82 326.19 OK
r-release-macos-arm64 1.6.2 113.00 NOTE
r-release-macos-x86_64 1.6.2 161.00 NOTE
r-release-windows-x86_64 1.6.2 193.00 158.00 351.00 OK
r-oldrel-macos-arm64 1.6.2 96.00 NOTE
r-oldrel-windows-x86_64 1.6.2 175.00 141.00 316.00 OK

Check Details

Version: 1.6.2
Check: installed package size
Result: NOTE installed size is 31.7Mb sub-directories of 1Mb or more: libs 31.1Mb Flavors: r-release-macos-arm64, r-release-macos-x86_64, r-oldrel-macos-arm64