CRAN Package Check Results for Package skpr

Last updated on 2018-02-21 01:47:54 CET.

Flavor Version Tinstall Tcheck Ttotal Status Flags
r-devel-linux-x86_64-debian-clang 0.45.2 124.23 155.26 279.49 OK
r-devel-linux-x86_64-debian-gcc 0.45.2 103.03 119.71 222.74 OK
r-devel-linux-x86_64-fedora-clang 0.45.2 397.24 NOTE
r-devel-linux-x86_64-fedora-gcc 0.45.2 370.00 NOTE
r-devel-windows-ix86+x86_64 0.45.2 251.00 365.00 616.00 OK
r-patched-linux-x86_64 0.45.2 124.33 166.40 290.73 OK
r-patched-solaris-x86 0.45.2 643.10 OK
r-release-linux-x86_64 0.45.2 118.89 166.56 285.45 OK
r-release-windows-ix86+x86_64 0.45.2 353.00 525.00 878.00 OK
r-release-osx-x86_64 0.45.2 OK
r-oldrel-windows-ix86+x86_64 0.45.2 357.00 466.00 823.00 OK
r-oldrel-osx-x86_64 0.40.1 NOTE

Check Details

Version: 0.45.2
Check: installed package size
Result: NOTE
     installed size is 6.2Mb
     sub-directories of 1Mb or more:
     libs 4.9Mb
Flavors: r-devel-linux-x86_64-fedora-clang, r-devel-linux-x86_64-fedora-gcc

Version: 0.40.1
Check: installed package size
Result: NOTE
     installed size is 5.6Mb
     sub-directories of 1Mb or more:
     libs 4.9Mb
Flavor: r-oldrel-osx-x86_64