CRAN Package Check Results for Package skynet

Last updated on 2019-02-17 20:53:50 CET.

Flavor Version Tinstall Tcheck Ttotal Status Flags
r-devel-linux-x86_64-debian-clang 1.3.0 5.99 74.38 80.37 OK
r-devel-linux-x86_64-debian-gcc 1.3.0 4.19 55.40 59.59 OK
r-devel-linux-x86_64-fedora-clang 1.3.0 93.72 NOTE
r-devel-linux-x86_64-fedora-gcc 1.3.0 83.91 NOTE
r-devel-windows-ix86+x86_64 1.3.0 14.00 85.00 99.00 OK
r-patched-linux-x86_64 1.3.0 6.17 66.75 72.92 OK
r-patched-solaris-x86 1.3.0 124.40 NOTE
r-release-linux-x86_64 1.3.0 OK
r-release-windows-ix86+x86_64 1.3.0 11.00 128.00 139.00 OK
r-release-osx-x86_64 1.3.0 NOTE
r-oldrel-windows-ix86+x86_64 1.3.0 10.00 107.00 117.00 OK
r-oldrel-osx-x86_64 1.3.0 NOTE

Check Details

Version: 1.3.0
Check: dependencies in R code
Result: NOTE
    Namespace in Imports field not imported from: ‘maps’
     All declared Imports should be used.
Flavors: r-devel-linux-x86_64-fedora-clang, r-devel-linux-x86_64-fedora-gcc, r-patched-solaris-x86, r-release-osx-x86_64, r-oldrel-osx-x86_64