CRAN Package Check Results for Package skynet

Last updated on 2018-05-21 15:47:03 CEST.

Flavor Version Tinstall Tcheck Ttotal Status Flags
r-devel-linux-x86_64-debian-clang 1.0.1 4.66 46.98 51.64 OK
r-devel-linux-x86_64-debian-gcc 1.0.1 4.12 41.23 45.35 OK
r-devel-linux-x86_64-fedora-clang 1.0.1 67.65 NOTE
r-devel-linux-x86_64-fedora-gcc 1.0.1 67.01 NOTE
r-devel-windows-ix86+x86_64 1.0.1 8.00 97.00 105.00 OK
r-patched-linux-x86_64 1.0.1 3.79 47.62 51.41 OK
r-patched-solaris-x86 1.0.1 96.10 NOTE
r-release-linux-x86_64 1.0.1 3.63 46.08 49.71 OK
r-release-windows-ix86+x86_64 1.0.1 8.00 91.00 99.00 OK
r-release-osx-x86_64 1.0.1 NOTE
r-oldrel-windows-ix86+x86_64 1.0.1 12.00 115.00 127.00 OK
r-oldrel-osx-x86_64 1.0.1 NOTE

Check Details

Version: 1.0.1
Check: dependencies in R code
Result: NOTE
    Namespace in Imports field not imported from: ‘maps’
     All declared Imports should be used.
Flavors: r-devel-linux-x86_64-fedora-clang, r-devel-linux-x86_64-fedora-gcc, r-patched-solaris-x86, r-release-osx-x86_64, r-oldrel-osx-x86_64