CRAN Package Check Results for Package skynet

Last updated on 2018-02-26 01:46:40 CET.

Flavor Version Tinstall Tcheck Ttotal Status Flags
r-devel-linux-x86_64-debian-clang 1.0 3.10 42.14 45.24 OK
r-devel-linux-x86_64-debian-gcc 1.0 3.85 36.62 40.47 OK
r-devel-linux-x86_64-fedora-clang 1.0 62.60 NOTE
r-devel-linux-x86_64-fedora-gcc 1.0 59.84 NOTE
r-devel-windows-ix86+x86_64 1.0 10.00 90.00 100.00 OK
r-patched-linux-x86_64 1.0 4.22 52.45 56.67 OK
r-patched-solaris-x86 1.0 98.90 NOTE
r-release-linux-x86_64 1.0 3.42 52.22 55.64 OK
r-release-windows-ix86+x86_64 1.0 12.00 96.00 108.00 OK
r-release-osx-x86_64 1.0 NOTE
r-oldrel-windows-ix86+x86_64 1.0 8.00 60.00 68.00 OK

Check Details

Version: 1.0
Check: dependencies in R code
Result: NOTE
    Namespace in Imports field not imported from: ‘maps’
     All declared Imports should be used.
Flavors: r-devel-linux-x86_64-fedora-clang, r-devel-linux-x86_64-fedora-gcc, r-patched-solaris-x86, r-release-osx-x86_64