CRAN Package Check Results for Package skynet

Last updated on 2018-11-17 12:51:41 CET.

Flavor Version Tinstall Tcheck Ttotal Status Flags
r-devel-linux-x86_64-debian-clang 1.2.2 4.28 68.77 73.05 OK
r-devel-linux-x86_64-debian-gcc 1.2.2 3.83 51.38 55.21 OK
r-devel-linux-x86_64-fedora-clang 1.2.2 90.98 NOTE
r-devel-linux-x86_64-fedora-gcc 1.2.2 81.29 NOTE
r-devel-windows-ix86+x86_64 1.2.2 12.00 110.00 122.00 OK
r-patched-linux-x86_64 1.2.2 5.27 62.66 67.93 OK
r-patched-solaris-x86 1.2.2 123.20 NOTE
r-release-linux-x86_64 1.2.2 5.54 64.33 69.87 OK
r-release-windows-ix86+x86_64 1.2.2 14.00 90.00 104.00 OK
r-release-osx-x86_64 1.2.2 NOTE
r-oldrel-windows-ix86+x86_64 1.2.2 11.00 121.00 132.00 OK
r-oldrel-osx-x86_64 1.2.2 NOTE

Check Details

Version: 1.2.2
Check: dependencies in R code
Result: NOTE
    Namespace in Imports field not imported from: ‘maps’
     All declared Imports should be used.
Flavors: r-devel-linux-x86_64-fedora-clang, r-devel-linux-x86_64-fedora-gcc, r-patched-solaris-x86, r-release-osx-x86_64, r-oldrel-osx-x86_64