CRAN Package Check Results for Package skynet

Last updated on 2018-08-21 12:50:46 CEST.

Flavor Version Tinstall Tcheck Ttotal Status Flags
r-devel-linux-x86_64-debian-clang 1.2.2 5.26 73.13 78.39 OK
r-devel-linux-x86_64-debian-gcc 1.2.2 5.36 54.60 59.96 OK
r-devel-linux-x86_64-fedora-clang 1.2.2 90.79 NOTE
r-devel-linux-x86_64-fedora-gcc 1.2.2 87.13 NOTE
r-devel-windows-ix86+x86_64 1.2.2 13.00 123.00 136.00 OK
r-patched-linux-x86_64 1.2.2 3.92 63.02 66.94 OK
r-patched-solaris-x86 1.2.2 122.60 NOTE
r-release-linux-x86_64 1.2.2 4.94 63.44 68.38 OK
r-release-windows-ix86+x86_64 1.2.2 13.00 101.00 114.00 OK
r-release-osx-x86_64 1.2.2 NOTE
r-oldrel-windows-ix86+x86_64 1.2.2 10.00 122.00 132.00 OK
r-oldrel-osx-x86_64 1.2.2 NOTE

Check Details

Version: 1.2.2
Check: dependencies in R code
Result: NOTE
    Namespace in Imports field not imported from: ‘maps’
     All declared Imports should be used.
Flavors: r-devel-linux-x86_64-fedora-clang, r-devel-linux-x86_64-fedora-gcc, r-patched-solaris-x86, r-release-osx-x86_64, r-oldrel-osx-x86_64