CRAN Package Check Results for Package sleev

Last updated on 2022-11-29 02:55:13 CET.

Flavor Version Tinstall Tcheck Ttotal Status Flags
r-devel-linux-x86_64-debian-clang 1.0.2 113.43 113.26 226.69 OK
r-devel-linux-x86_64-debian-gcc 1.0.2 93.27 110.13 203.40 OK
r-devel-linux-x86_64-fedora-clang 1.0.2 312.52 OK
r-devel-linux-x86_64-fedora-gcc 1.0.2 295.18 OK
r-devel-windows-x86_64 1.0.2 79.00 134.00 213.00 OK
r-patched-linux-x86_64 1.0.2 96.42 121.17 217.59 OK
r-release-linux-x86_64 1.0.2 104.66 113.35 218.01 OK
r-release-macos-arm64 1.0.2 78.00 NOTE
r-release-macos-x86_64 1.0.2 88.00 NOTE
r-release-windows-x86_64 1.0.2 86.00 132.00 218.00 OK
r-oldrel-macos-arm64 1.0.2 75.00 NOTE
r-oldrel-macos-x86_64 1.0.2 87.00 NOTE
r-oldrel-windows-ix86+x86_64 1.0.2 257.00 176.00 433.00 OK

Check Details

Version: 1.0.2
Check: installed package size
Result: NOTE
     installed size is 22.7Mb
     sub-directories of 1Mb or more:
     libs 22.3Mb
Flavors: r-release-macos-arm64, r-release-macos-x86_64, r-oldrel-macos-arm64, r-oldrel-macos-x86_64