CRAN Package Check Results for Package slickR

Last updated on 2024-07-16 03:54:33 CEST.

Flavor Version Tinstall Tcheck Ttotal Status Flags
r-devel-linux-x86_64-debian-clang 0.6.0 4.35 70.14 74.49 NOTE
r-devel-linux-x86_64-debian-gcc 0.6.0 2.98 50.44 53.42 NOTE
r-devel-linux-x86_64-fedora-clang 0.6.0 90.21 NOTE
r-devel-linux-x86_64-fedora-gcc 0.6.0 103.33 NOTE
r-devel-windows-x86_64 0.6.0 7.00 79.00 86.00 NOTE
r-patched-linux-x86_64 0.6.0 3.06 63.74 66.80 NOTE
r-release-linux-x86_64 0.6.0 2.96 62.67 65.63 NOTE
r-release-macos-arm64 0.6.0 45.00 NOTE
r-release-macos-x86_64 0.6.0 64.00 NOTE
r-release-windows-x86_64 0.6.0 5.00 80.00 85.00 NOTE
r-oldrel-macos-arm64 0.6.0 50.00 OK
r-oldrel-macos-x86_64 0.6.0 67.00 OK
r-oldrel-windows-x86_64 0.6.0 7.00 89.00 96.00 OK

Check Details

Version: 0.6.0
Check: Rd files
Result: NOTE checkRd: (-1) nba_team_logo.Rd:22: Lost braces; missing escapes or markup? 22 | https://i.cdn.turner.com/nba/nba/.element/img/4.0/global/logos/512x512/bg.white/svg/{team_short_name}.svg | ^ Flavors: r-devel-linux-x86_64-debian-clang, r-devel-linux-x86_64-debian-gcc, r-devel-linux-x86_64-fedora-clang, r-devel-linux-x86_64-fedora-gcc, r-devel-windows-x86_64, r-patched-linux-x86_64, r-release-linux-x86_64, r-release-macos-arm64, r-release-macos-x86_64, r-release-windows-x86_64