CRAN Package Check Results for Package slideview

Last updated on 2019-09-19 08:51:08 CEST.

Flavor Version Tinstall Tcheck Ttotal Status Flags
r-devel-linux-x86_64-debian-clang 0.1.0 7.34 60.37 67.71 OK
r-devel-linux-x86_64-debian-gcc 0.1.0 6.90 49.25 56.15 OK
r-devel-linux-x86_64-fedora-clang 0.1.0 86.25 NOTE
r-devel-linux-x86_64-fedora-gcc 0.1.0 87.43 NOTE
r-devel-windows-ix86+x86_64 0.1.0 20.00 70.00 90.00 OK
r-patched-linux-x86_64 0.1.0 7.38 60.93 68.31 OK
r-patched-solaris-x86 0.1.0 133.20 NOTE
r-release-linux-x86_64 0.1.0 6.71 61.02 67.73 OK
r-release-windows-ix86+x86_64 0.1.0 14.00 94.00 108.00 OK
r-release-osx-x86_64 0.1.0 NOTE
r-oldrel-windows-ix86+x86_64 0.1.0 8.00 68.00 76.00 OK
r-oldrel-osx-x86_64 0.1.0 NOTE

Check Details

Version: 0.1.0
Check: dependencies in R code
Result: NOTE
    Namespace in Imports field not imported from: ‘viridisLite’
     All declared Imports should be used.
Flavors: r-devel-linux-x86_64-fedora-clang, r-devel-linux-x86_64-fedora-gcc, r-patched-solaris-x86, r-release-osx-x86_64, r-oldrel-osx-x86_64