CRAN Package Check Results for Package slideview

Last updated on 2020-02-27 17:51:09 CET.

Flavor Version Tinstall Tcheck Ttotal Status Flags
r-devel-linux-x86_64-debian-clang 0.1.0 8.42 70.34 78.76 OK
r-devel-linux-x86_64-debian-gcc 0.1.0 7.27 54.58 61.85 OK
r-devel-linux-x86_64-fedora-clang 0.1.0 106.44 WARN
r-devel-linux-x86_64-fedora-gcc 0.1.0 103.44 WARN
r-devel-windows-ix86+x86_64 0.1.0 17.00 80.00 97.00 OK
r-devel-windows-ix86+x86_64-gcc8 0.1.0 17.00 76.00 93.00 OK
r-patched-linux-x86_64 0.1.0 6.27 61.28 67.55 OK
r-patched-solaris-x86 0.1.0 132.70 NOTE
r-release-linux-x86_64 0.1.0 5.78 62.01 67.79 OK
r-release-windows-ix86+x86_64 0.1.0 15.00 72.00 87.00 OK
r-release-osx-x86_64 0.1.0 NOTE
r-oldrel-windows-ix86+x86_64 0.1.0 8.00 88.00 96.00 OK
r-oldrel-osx-x86_64 0.1.0 NOTE

Check Details

Version: 0.1.0
Check: whether package can be installed
Result: WARN
    Found the following significant warnings:
     Warning: namespace ‘rgdal’ is not available and has been replaced
Flavors: r-devel-linux-x86_64-fedora-clang, r-devel-linux-x86_64-fedora-gcc

Version: 0.1.0
Check: dependencies in R code
Result: NOTE
    Namespace in Imports field not imported from: ‘viridisLite’
     All declared Imports should be used.
Flavors: r-devel-linux-x86_64-fedora-clang, r-devel-linux-x86_64-fedora-gcc, r-patched-solaris-x86, r-release-osx-x86_64, r-oldrel-osx-x86_64