Last updated on 2022-05-28 14:53:52 CEST.
Flavor | Version | Tinstall | Tcheck | Ttotal | Status | Flags |
---|---|---|---|---|---|---|
r-devel-linux-x86_64-debian-clang | 1.0.1 | 2.53 | 41.53 | 44.06 | NOTE | |
r-devel-linux-x86_64-debian-gcc | 1.0.1 | 2.52 | 33.02 | 35.54 | NOTE | |
r-devel-linux-x86_64-fedora-clang | 1.0.1 | 54.81 | NOTE | |||
r-devel-linux-x86_64-fedora-gcc | 1.0.1 | 44.73 | NOTE | |||
r-devel-windows-x86_64 | 1.0.1 | 13.00 | 61.00 | 74.00 | NOTE | |
r-patched-linux-x86_64 | 1.0.1 | 2.25 | 41.32 | 43.57 | NOTE | |
r-release-linux-x86_64 | 1.0.1 | 3.21 | 40.64 | 43.85 | NOTE | |
r-release-macos-arm64 | 1.0.1 | 19.00 | NOTE | |||
r-release-macos-x86_64 | 1.0.1 | 26.00 | NOTE | |||
r-release-windows-x86_64 | 1.0.1 | 12.00 | 58.00 | 70.00 | NOTE | |
r-oldrel-macos-arm64 | 1.0.1 | 21.00 | NOTE | |||
r-oldrel-macos-x86_64 | 1.0.1 | 29.00 | NOTE | |||
r-oldrel-windows-ix86+x86_64 | 1.0.1 | 7.00 | 51.00 | 58.00 | NOTE |
Version: 1.0.1
Check: LazyData
Result: NOTE
'LazyData' is specified without a 'data' directory
Flavors: r-devel-linux-x86_64-debian-clang, r-devel-linux-x86_64-debian-gcc, r-devel-linux-x86_64-fedora-clang, r-devel-linux-x86_64-fedora-gcc, r-devel-windows-x86_64, r-patched-linux-x86_64, r-release-linux-x86_64, r-release-macos-arm64, r-release-macos-x86_64, r-release-windows-x86_64, r-oldrel-macos-arm64, r-oldrel-macos-x86_64, r-oldrel-windows-ix86+x86_64