CRAN Package Check Results for Package smam

Last updated on 2022-12-10 04:57:18 CET.

Flavor Version Tinstall Tcheck Ttotal Status Flags
r-devel-linux-x86_64-debian-clang 0.6.0 86.72 62.59 149.31 NOTE
r-devel-linux-x86_64-debian-gcc 0.6.0 69.73 51.43 121.16 NOTE
r-devel-linux-x86_64-fedora-clang 0.6.0 240.66 NOTE
r-devel-linux-x86_64-fedora-gcc 0.6.0 213.74 NOTE
r-devel-windows-x86_64 0.6.0 93.00 137.00 230.00 NOTE
r-patched-linux-x86_64 0.6.0 73.28 53.97 127.25 NOTE
r-release-linux-x86_64 0.6.0 52.78 55.97 108.75 NOTE
r-release-macos-arm64 0.6.0 54.00 NOTE
r-release-macos-x86_64 0.6.0 90.00 NOTE
r-release-windows-x86_64 0.6.0 91.00 116.00 207.00 NOTE
r-oldrel-macos-arm64 0.6.0 60.00 NOTE
r-oldrel-macos-x86_64 0.6.0 72.00 NOTE
r-oldrel-windows-ix86+x86_64 0.6.0 211.00 117.00 328.00 NOTE

Check Details

Version: 0.6.0
Check: for GNU extensions in Makefiles
Result: NOTE
    GNU make is a SystemRequirements.
Flavors: r-devel-linux-x86_64-debian-clang, r-devel-linux-x86_64-debian-gcc, r-devel-linux-x86_64-fedora-clang, r-devel-linux-x86_64-fedora-gcc, r-devel-windows-x86_64, r-patched-linux-x86_64, r-release-linux-x86_64, r-release-macos-arm64, r-release-macos-x86_64, r-release-windows-x86_64, r-oldrel-macos-arm64, r-oldrel-macos-x86_64, r-oldrel-windows-ix86+x86_64

Version: 0.6.0
Check: installed package size
Result: NOTE
     installed size is 5.6Mb
     sub-directories of 1Mb or more:
     libs 5.0Mb
Flavors: r-release-macos-arm64, r-release-macos-x86_64, r-oldrel-macos-arm64, r-oldrel-macos-x86_64